{"id":104,"date":"2015-04-22T11:23:18","date_gmt":"2015-04-22T10:23:18","guid":{"rendered":"http:\/\/localhost\/wordpress\/?page_id=104"},"modified":"2015-04-22T11:23:18","modified_gmt":"2015-04-22T10:23:18","slug":"retrocession","status":"publish","type":"page","link":"https:\/\/prooptic.axess.fr\/?page_id=104","title":{"rendered":"R\u00e9trocession \/ Sortie de stock"},"content":{"rendered":"<h2 style=\"text-align: justify;\">I. Qu\u2019est ce qu\u2019une r\u00e9trocession\u00a0?<\/h2>\n<p>________________________________________________________________________________________________________________________________________________________________________________<\/p>\n<p style=\"text-align: justify;\">La r\u00e9trocession est li\u00e9e au module <strong><em>Stock<\/em><\/strong>. La r\u00e9trocession consiste \u00e0 c\u00e9der un article, qui a \u00e9t\u00e9 achet\u00e9 pour un magasin, \u00e0 un autre magasin. Cette fonction est principalement utilis\u00e9e pour les cha\u00eenes de magasin qui poss\u00e8dent une centrale d\u2019achat. La centrale fait tous les achats et r\u00e9troc\u00e8de chaque jour les articles aux diff\u00e9rents magasins qui lui ont command\u00e9. Mais la fonction de r\u00e9trocession n\u2019est pas r\u00e9serv\u00e9e \u00e0 ce cas, elle peut \u00eatre utilis\u00e9e par n\u2019importe quel magasin, si les param\u00e8tres de r\u00e9trocession sont bien mis en place. L\u2019utilisation du module par le magasin suit une certaine logique qui sera d\u00e9taill\u00e9e dans les chapitres suivants\u00a0:<\/p>\n<ul style=\"text-align: justify;\">\n<li><strong><em>Cr\u00e9ation de la r\u00e9trocession<\/em><\/strong>\u00a0: il s\u2019agit de la saisie des articles \u00e0 r\u00e9troc\u00e9der et de la cr\u00e9ation du bordereau correspondant.<\/li>\n<li><strong><em>Modification du bordereau de r\u00e9trocession<\/em><\/strong>\u00a0: permet l\u2019ajout ou la suppression d\u2019articles avant l\u2019envoi du bordereau.<\/li>\n<li><strong><em>Envoi de la r\u00e9trocession<\/em><\/strong>\u00a0: il s\u2019agit de d\u00e9stocker les articles \u00e0 r\u00e9troc\u00e9der du stock du magasin \u00e9metteur et d\u2019envoyer le bordereau au magasin r\u00e9cepteur.<\/li>\n<li><strong><em>Historique des r\u00e9trocessions<\/em><\/strong>\u00a0: il s\u2019agit d\u2019un r\u00e9capitulatif de tous les bordereaux de r\u00e9trocession saisis, \u00e9mis et re\u00e7us avec possibilit\u00e9 de consulter chacun d\u2019entre eux.<\/li>\n<\/ul>\n<p style=\"text-align: justify;\">Ce module permet de d\u00e9stocker des articles\u00a0dans le cas d\u2019un retour fournisseur, d\u2019une r\u00e9trocession \u00e0 un autre magasin ou tout autre intervention qui n\u00e9cessite de r\u00e9aliser une sortie de stock d\u2019un ou plusieurs articles.<\/p>\n<p style=\"text-align: justify;\">On distingue 2 modules\u00a0dans cette fen\u00eatre\u00a0:<\/p>\n<p><img decoding=\"async\" loading=\"lazy\" src=\"http:\/\/prooptic.axess.fr\/wp-content\/uploads\/2018\/06\/2-onglets.png\" alt=\"\" width=\"810\" height=\"244\" \/><\/p>\n<p style=\"text-align: justify;\">L\u2019onglet\u00a0<img decoding=\"async\" loading=\"lazy\" src=\"http:\/\/prooptic.axess.fr\/wp-content\/uploads\/2018\/06\/onglet-sortie-de-stock.png\" alt=\"\" width=\"80\" height=\"19\" \/> permet uniquement de g\u00e9n\u00e9rer une sortie de stock.<\/p>\n<p style=\"text-align: justify;\">L\u2019onglet\u00a0<img decoding=\"async\" loading=\"lazy\" src=\"http:\/\/prooptic.axess.fr\/wp-content\/uploads\/2018\/06\/onglet-retrocession.png\" alt=\"\" width=\"85\" height=\"24\" \/>permet de d\u00e9stocker des articles, de renseigner les coordonn\u00e9es du destinataire et de lui \u00e9diter un bon de livraison ou\/et une facture.<\/p>\n<p style=\"text-align: justify;\">Ces 2 modules \u00e9tant similaires, nous allons uniquement voir le fonctionnement de la r\u00e9trocession.<\/p>\n<h2>II. Cr\u00e9ation d\u2019une r\u00e9trocession<\/h2>\n<p>________________________________________________________________________________________________________________________________________________________________________________<\/p>\n<p style=\"text-align: justify;\">Cliquez sur <strong>Ajouter\u00a0<\/strong>:<\/p>\n<p style=\"text-align: justify;\"><img decoding=\"async\" loading=\"lazy\" src=\"http:\/\/prooptic.axess.fr\/wp-content\/uploads\/2018\/06\/bouton-ajouter-1030x259.png\" alt=\"\" width=\"734\" height=\"185\" \/><\/p>\n<p style=\"text-align: justify;\">Rechercher ensuite les articles \u00e0 r\u00e9troc\u00e9der gr\u00e2ce au filtre Marque et Famille ou en saisissant directement le code article.<\/p>\n<p style=\"text-align: justify;\">Pour chacun des articles \u00e0 r\u00e9troc\u00e9der, <strong>S\u00e9lectionnez l\u2019article<\/strong>, cliquez sur <strong>Ajouter \u00e0 la r\u00e9trocession<\/strong>, saisissez la quantit\u00e9 et valider par <img decoding=\"async\" loading=\"lazy\" src=\"http:\/\/prooptic.axess.fr\/wp-content\/uploads\/2018\/06\/bouton-valider.png\" alt=\"\" width=\"40\" height=\"41\" \/>\u00a0et ce dernier va basculer dans le tableau des <strong>article r\u00e9troc\u00e9d\u00e9s<\/strong>.<\/p>\n<p><img decoding=\"async\" loading=\"lazy\" src=\"http:\/\/prooptic.axess.fr\/wp-content\/uploads\/2018\/06\/fenetre-retrocession-1030x775.png\" alt=\"\" width=\"706\" height=\"531\" \/><\/p>\n<p style=\"text-align: justify;\">Une fois la saisie termin\u00e9e, cliquez sur <strong>Fermer<\/strong>.<\/p>\n<p><img decoding=\"async\" loading=\"lazy\" src=\"http:\/\/prooptic.axess.fr\/wp-content\/uploads\/2018\/06\/fenetre-retrocession2-1030x775.png\" alt=\"\" width=\"734\" height=\"552\" \/><\/p>\n<p style=\"text-align: justify;\">S\u00e9lectionnez la r\u00e9trocession que vous venez de pr\u00e9parer et cliquez sur <strong>Cl\u00f4turer la saisie<\/strong>.<\/p>\n<p style=\"text-align: justify;\"><img decoding=\"async\" loading=\"lazy\" src=\"http:\/\/prooptic.axess.fr\/wp-content\/uploads\/2018\/06\/cloturer-la-saisie-1030x416.png\" alt=\"\" width=\"734\" height=\"296\" \/><\/p>\n<p style=\"text-align: justify;\">La liste des articles \u00e0 r\u00e9troc\u00e9der s\u2019affiche. Cliquez sur <strong>Valider<\/strong><\/p>\n<p><img decoding=\"async\" loading=\"lazy\" src=\"http:\/\/prooptic.axess.fr\/wp-content\/uploads\/2018\/06\/lst-articles-retro-1030x247.png\" alt=\"\" width=\"734\" height=\"176\" \/><\/p>\n<p style=\"text-align: justify;\">Saisissez l\u2019adresse de livraison. Cliquez sur <strong>Valider<\/strong><\/p>\n<p style=\"text-align: justify;\">\u00a0<img decoding=\"async\" loading=\"lazy\" src=\"http:\/\/prooptic.axess.fr\/wp-content\/uploads\/2018\/06\/saisie-adresse-livraison.png\" alt=\"\" width=\"850\" height=\"288\" \/><\/p>\n<p><img decoding=\"async\" loading=\"lazy\" src=\"http:\/\/prooptic.axess.fr\/wp-content\/uploads\/2018\/06\/popup-cloture-retro.png\" alt=\"\" width=\"277\" height=\"154\" \/><\/p>\n<p style=\"text-align: justify;\">Si vous cliquez sur <strong>Oui<\/strong>, votre r\u00e9trocession est cl\u00f4tur\u00e9e et les articles sont d\u00e9stock\u00e9s.<\/p>\n<p style=\"text-align: justify;\">Si vous cliquez sur <strong>Non<\/strong>, la r\u00e9trocession reste dans un \u00e9tat pr\u00e9par\u00e9, les articles ne sont pas d\u00e9stock\u00e9s et vous pouvez encore ajouter ou supprimer des articles.<\/p>\n<p><img decoding=\"async\" loading=\"lazy\" src=\"http:\/\/prooptic.axess.fr\/wp-content\/uploads\/2018\/06\/saisie-facturation-1030x775.png\" alt=\"\" width=\"734\" height=\"552\" \/><\/p>\n<p style=\"text-align: justify;\">Si vous voulez g\u00e9n\u00e9rer une facture, saisissez l\u2019adresse de facturation et les \u00e9ventuels frais \u00e0 rajouter (port, gestion).<\/p>\n<p style=\"text-align: justify;\"><strong>Remarque\u00a0<\/strong>: si les adresses sont similaires, cliquez sur la fl\u00e8che bleue pour recopier l\u2019adresse de livraison vers l\u2019adresse de facturation.<\/p>\n<p style=\"text-align: justify;\">Cliquez sur <strong>Valider<\/strong>.<\/p>\n<p style=\"text-align: justify;\">Si vous ne d\u00e9sirez pas faire de facture, Cliquez sur <strong>Fermer<\/strong>, vous ne pourrez alors \u00e9diter qu\u2019un bon de livraison.<\/p>\n<p><img decoding=\"async\" loading=\"lazy\" src=\"http:\/\/prooptic.axess.fr\/wp-content\/uploads\/2018\/06\/menu-retro-cloture-1030x775.png\" alt=\"\" width=\"734\" height=\"552\" \/><\/p>\n<p style=\"text-align: justify;\">La liste des r\u00e9trocessions appara\u00eet sur laquelle on peut visualiser la date, le nombre d\u2019articles, l\u2019\u00e9tat et \u00e9ventuellement le num\u00e9ro de facture g\u00e9n\u00e9r\u00e9 par la r\u00e9trocession.<\/p>\n<p style=\"text-align: justify;\">Vous allez pouvoir imprimer le bon de livraison ou\/et la facture. Si vous avez g\u00e9n\u00e9r\u00e9 une facture, cette derni\u00e8re appara\u00eetra avec les factures de vos clients et vous pourrez l\u2019encaisser de la m\u00eame mani\u00e8re.<\/p>\n<p><img decoding=\"async\" loading=\"lazy\" src=\"http:\/\/prooptic.axess.fr\/wp-content\/uploads\/2018\/06\/dus-clients-1030x337.png\" alt=\"\" width=\"734\" height=\"240\" \/><\/p>\n","protected":false},"excerpt":{"rendered":"<p>I. Qu\u2019est ce qu\u2019une r\u00e9trocession\u00a0? ________________________________________________________________________________________________________________________________________________________________________________ La r\u00e9trocession est li\u00e9e au module Stock. La r\u00e9trocession consiste \u00e0 c\u00e9der un article, qui a \u00e9t\u00e9 achet\u00e9 pour un magasin, \u00e0 un autre magasin. Cette fonction est principalement utilis\u00e9e pour les cha\u00eenes de magasin qui poss\u00e8dent une centrale d\u2019achat. La centrale fait tous les achats et r\u00e9troc\u00e8de chaque &hellip; <a href=\"https:\/\/prooptic.axess.fr\/?page_id=104\" class=\"more-link\">Continuer la lecture de <span class=\"screen-reader-text\">R\u00e9trocession \/ Sortie de stock<\/span><\/a><\/p>\n","protected":false},"author":1,"featured_media":0,"parent":94,"menu_order":0,"comment_status":"closed","ping_status":"open","template":"","meta":[],"_links":{"self":[{"href":"https:\/\/prooptic.axess.fr\/index.php?rest_route=\/wp\/v2\/pages\/104"}],"collection":[{"href":"https:\/\/prooptic.axess.fr\/index.php?rest_route=\/wp\/v2\/pages"}],"about":[{"href":"https:\/\/prooptic.axess.fr\/index.php?rest_route=\/wp\/v2\/types\/page"}],"author":[{"embeddable":true,"href":"https:\/\/prooptic.axess.fr\/index.php?rest_route=\/wp\/v2\/users\/1"}],"replies":[{"embeddable":true,"href":"https:\/\/prooptic.axess.fr\/index.php?rest_route=%2Fwp%2Fv2%2Fcomments&post=104"}],"version-history":[{"count":0,"href":"https:\/\/prooptic.axess.fr\/index.php?rest_route=\/wp\/v2\/pages\/104\/revisions"}],"up":[{"embeddable":true,"href":"https:\/\/prooptic.axess.fr\/index.php?rest_route=\/wp\/v2\/pages\/94"}],"wp:attachment":[{"href":"https:\/\/prooptic.axess.fr\/index.php?rest_route=%2Fwp%2Fv2%2Fmedia&parent=104"}],"curies":[{"name":"wp","href":"https:\/\/api.w.org\/{rel}","templated":true}]}}