{"id":106,"date":"2015-04-22T11:23:31","date_gmt":"2015-04-22T10:23:31","guid":{"rendered":"http:\/\/localhost\/wordpress\/?page_id=106"},"modified":"2015-04-22T11:23:31","modified_gmt":"2015-04-22T10:23:31","slug":"depreciation-du-stock","status":"publish","type":"page","link":"https:\/\/prooptic.axess.fr\/?page_id=106","title":{"rendered":"D\u00e9pr\u00e9ciation du stock"},"content":{"rendered":"<h2 style=\"text-align: justify;\">I. Param\u00e9trage des taux<\/h2>\n<p style=\"text-align: justify;\">________________________________________________________________________________________________________________________________________________________________________________<\/p>\n<p style=\"text-align: justify;\">Cette option permet de d\u00e9pr\u00e9cier la valeur d&rsquo;un groupe d&rsquo;articles en modifiant leur prix d&rsquo;achat.<\/p>\n<p style=\"text-align: justify;\">Pour d\u00e9pr\u00e9cier un groupe d\u2019article, il faut tout d\u2019abord <strong><em>indiquer le taux de d\u00e9pr\u00e9ciation souhait\u00e9<\/em><\/strong>. L&rsquo;acc\u00e8s \u00e0 ce menu se fait par l&rsquo;<strong><em>onglet Stock<\/em><\/strong> puis <strong><em>D\u00e9pr\u00e9ciation de stocks<\/em><\/strong> et enfin\u00a0<strong><em>Taux\u00a0<\/em><\/strong>:<\/p>\n<p><center><img decoding=\"async\" loading=\"lazy\" src=\"http:\/\/www.prooptic-idm.com\/wiki\/wp-content\/uploads\/sites\/3\/2015\/04\/menu-taux.png\" alt=\"menu-taux\" width=\"800\" height=\"214\" \/><\/center><\/p>\n<p style=\"text-align: justify;\"><strong><em>Exemple\u00a0<\/em><\/strong>: Pour d\u00e9pr\u00e9cier les articles de 20\u00a0% \u00e0 N-1, c&rsquo;est \u00e0 dire que leur nouvelle valeur ne soit plus que 80% de la valeur d&rsquo;origine, il faut indiquer 20 comme taux de d\u00e9pr\u00e9ciation.<\/p>\n<p style=\"text-align: justify;\">Le choix s&rsquo;effectue <strong><em>selon la famille<\/em> <\/strong>puis en <strong><em>s\u00e9lectionnant<\/em><\/strong> \u00ab\u00a0<strong><em>+<\/em><\/strong>\u00a0\u00bb pour entrer le taux\u00a0:<\/p>\n<p><center><img decoding=\"async\" loading=\"lazy\" src=\"http:\/\/www.prooptic-idm.com\/wiki\/wp-content\/uploads\/sites\/3\/2015\/04\/fenetre-taux.png\" alt=\"fenetre-taux\" width=\"545\" height=\"506\" \/><\/center><\/p>\n<h2 style=\"text-align: justify;\">II. Mise en marche de la d\u00e9pr\u00e9ciation<\/h2>\n<p style=\"text-align: justify;\">________________________________________________________________________________________________________________________________________________________________________________<\/p>\n<p style=\"text-align: justify;\">Pour acc\u00e9der au menu permettant de mettre en oeuvre la d\u00e9pr\u00e9ciation, il faut passer par l&rsquo;<strong><em>onglet Stock <\/em><\/strong>puis <strong><em>D\u00e9pr\u00e9ciation de stocks<\/em><\/strong> et enfin <strong><em>D\u00e9pr\u00e9ciation\u00a0<\/em><\/strong>:<\/p>\n<p><center><img decoding=\"async\" loading=\"lazy\" src=\"http:\/\/www.prooptic-idm.com\/wiki\/wp-content\/uploads\/sites\/3\/2015\/04\/menu-depreciation.png\" alt=\"menu-depreciation\" width=\"979\" height=\"257\" \/><\/center><\/p>\n<p style=\"text-align: justify;\">Il est possible ensuite de <strong><em>faire une s\u00e9lection des articles \u00e0 d\u00e9pr\u00e9cier<\/em><\/strong> en pr\u00e9cisant une ann\u00e9e d\u2019achat, une famille d\u2019article et \u00e9ventuellement un fournisseur et une marque. Il reste \u00e0 cliquer sur le bouton <strong><em>Lancer la d\u00e9pr\u00e9ciation<\/em><\/strong> pour ex\u00e9cuter l&rsquo;op\u00e9ration\u00a0:<\/p>\n<p><center><img decoding=\"async\" loading=\"lazy\" src=\"http:\/\/www.prooptic-idm.com\/wiki\/wp-content\/uploads\/sites\/3\/2015\/04\/fenetre-depreciation.png\" alt=\"fenetre-depreciation\" width=\"800\" height=\"71\" \/><\/center><\/p>\n","protected":false},"excerpt":{"rendered":"<p>I. Param\u00e9trage des taux ________________________________________________________________________________________________________________________________________________________________________________ Cette option permet de d\u00e9pr\u00e9cier la valeur d&rsquo;un groupe d&rsquo;articles en modifiant leur prix d&rsquo;achat. Pour d\u00e9pr\u00e9cier un groupe d\u2019article, il faut tout d\u2019abord indiquer le taux de d\u00e9pr\u00e9ciation souhait\u00e9. L&rsquo;acc\u00e8s \u00e0 ce menu se fait par l&rsquo;onglet Stock puis D\u00e9pr\u00e9ciation de stocks et enfin\u00a0Taux\u00a0: Exemple\u00a0: Pour d\u00e9pr\u00e9cier les articles &hellip; <a href=\"https:\/\/prooptic.axess.fr\/?page_id=106\" class=\"more-link\">Continuer la lecture de <span class=\"screen-reader-text\">D\u00e9pr\u00e9ciation du stock<\/span><\/a><\/p>\n","protected":false},"author":1,"featured_media":0,"parent":94,"menu_order":0,"comment_status":"closed","ping_status":"open","template":"","meta":[],"_links":{"self":[{"href":"https:\/\/prooptic.axess.fr\/index.php?rest_route=\/wp\/v2\/pages\/106"}],"collection":[{"href":"https:\/\/prooptic.axess.fr\/index.php?rest_route=\/wp\/v2\/pages"}],"about":[{"href":"https:\/\/prooptic.axess.fr\/index.php?rest_route=\/wp\/v2\/types\/page"}],"author":[{"embeddable":true,"href":"https:\/\/prooptic.axess.fr\/index.php?rest_route=\/wp\/v2\/users\/1"}],"replies":[{"embeddable":true,"href":"https:\/\/prooptic.axess.fr\/index.php?rest_route=%2Fwp%2Fv2%2Fcomments&post=106"}],"version-history":[{"count":0,"href":"https:\/\/prooptic.axess.fr\/index.php?rest_route=\/wp\/v2\/pages\/106\/revisions"}],"up":[{"embeddable":true,"href":"https:\/\/prooptic.axess.fr\/index.php?rest_route=\/wp\/v2\/pages\/94"}],"wp:attachment":[{"href":"https:\/\/prooptic.axess.fr\/index.php?rest_route=%2Fwp%2Fv2%2Fmedia&parent=106"}],"curies":[{"name":"wp","href":"https:\/\/api.w.org\/{rel}","templated":true}]}}