{"id":133,"date":"2015-04-22T11:37:15","date_gmt":"2015-04-22T10:37:15","guid":{"rendered":"http:\/\/localhost\/wordpress\/?page_id=133"},"modified":"2015-04-22T11:37:15","modified_gmt":"2015-04-22T10:37:15","slug":"a-m-e","status":"publish","type":"page","link":"https:\/\/prooptic.axess.fr\/?page_id=133","title":{"rendered":"AME"},"content":{"rendered":"<p><img decoding=\"async\" loading=\"lazy\" src=\"http:\/\/www.prooptic-idm.com\/wiki\/wp-content\/uploads\/sites\/3\/2015\/04\/aide-medicale-de-etat-ame-991-63eed.jpg\" alt=\"aide-medicale-de-etat-ame-991-63eed\" width=\"300\" height=\"280\" \/><\/p>\n<h2>I. D\u00e9finition<\/h2>\n<p>L&rsquo;aide m\u00e9dicale de l&rsquo;\u00c9tat (AME) est un dispositif permettant aux \u00e9trangers en situation irr\u00e9guli\u00e8re de b\u00e9n\u00e9ficier d&rsquo;un acc\u00e8s aux soins, sous r\u00e9serve de remplir certaines conditions.<\/p>\n<h2>II. Param\u00e9trage<\/h2>\n<p>Il faut cr\u00e9er une mutuelle <strong>AME de base<\/strong> avec le param\u00e9trage ci-dessous de l&rsquo;<strong>onglet Coordonn\u00e9es et Donn\u00e9es DRE et tarification STS<\/strong>:<\/p>\n<p><center><img decoding=\"async\" loading=\"lazy\" src=\"http:\/\/prooptic.axess.fr\/wp-content\/uploads\/2019\/05\/AME0-1030x626.png\" alt=\"\" width=\"734\" height=\"446\" \/><\/center><\/p>\n<p>Puis, dans la fiche du client\u00a0:<\/p>\n<ul>\n<li><strong>lui affecter la CPAM pr\u00e9sente sur l&rsquo;attestation<\/strong><\/li>\n<li><strong>affecter la mutuelle AME DE BASE<em><br \/><\/em><\/strong><\/li>\n<\/ul>\n<p><img decoding=\"async\" loading=\"lazy\" src=\"http:\/\/prooptic.axess.fr\/wp-content\/uploads\/2022\/10\/AME-Identite-700x497.png\" alt=\"\" width=\"700\" height=\"497\" \/><\/p>\n<p>Dans l&rsquo;onglet S\u00e9curit\u00e9 sociale \/ Mutuelle du dossier, laisser le taux de remboursement \u00e0 0%. Le calcul des remboursements AME se fera tout seul \u00e0 la facturation.<\/p>\n<p><img decoding=\"async\" loading=\"lazy\" src=\"http:\/\/prooptic.axess.fr\/wp-content\/uploads\/2022\/10\/AME-Securite-sociale-mutuelle-a-0-700x526.png\" alt=\"\" width=\"700\" height=\"526\" \/><\/p>\n<p style=\"text-align: justify;\">Concernant la partie facturation, <strong>toutes les cases Tiers-payant<\/strong> et <strong>T\u00e9l\u00e9transmission<\/strong> doivent \u00eatre <strong>coch\u00e9es<\/strong> :<\/p>\n<p style=\"text-align: justify;\"><img decoding=\"async\" loading=\"lazy\" src=\"http:\/\/prooptic.axess.fr\/wp-content\/uploads\/2022\/10\/AME-Facturation-700x536.png\" alt=\"\" width=\"700\" height=\"536\" \/><\/p>\n<p style=\"text-align: justify;\">Le formulaire concernant la t\u00e9l\u00e9transmission doit \u00eatre remplit de cette fa\u00e7on (notamment la <strong>partie basse<\/strong> o\u00f9 les informations <strong>Date de d\u00e9but et Date de fin<\/strong> doivent englober la <strong>date d&rsquo;ordonnance<\/strong>) et cliquez sur le <strong>bouton Appliquer<\/strong> :<\/p>\n<p style=\"text-align: justify;\"><img decoding=\"async\" loading=\"lazy\" src=\"http:\/\/prooptic.axess.fr\/wp-content\/uploads\/2019\/05\/AME3-1.png\" alt=\"\" width=\"800\" height=\"603\" \/><\/p>\n<p style=\"text-align: justify;\">Enfin, il ne reste plus qu&rsquo;\u00e0 <strong>signer \u00e9lectroniquement<\/strong> la facture. <strong>Tout est calcul\u00e9 de fa\u00e7on automatique :<\/strong><\/p>\n<p><img decoding=\"async\" loading=\"lazy\" src=\"http:\/\/prooptic.axess.fr\/wp-content\/uploads\/2019\/05\/AME4.png\" alt=\"\" width=\"784\" height=\"521\" \/><\/p>\n","protected":false},"excerpt":{"rendered":"<p>I. D\u00e9finition L&rsquo;aide m\u00e9dicale de l&rsquo;\u00c9tat (AME) est un dispositif permettant aux \u00e9trangers en situation irr\u00e9guli\u00e8re de b\u00e9n\u00e9ficier d&rsquo;un acc\u00e8s aux soins, sous r\u00e9serve de remplir certaines conditions. II. Param\u00e9trage Il faut cr\u00e9er une mutuelle AME de base avec le param\u00e9trage ci-dessous de l&rsquo;onglet Coordonn\u00e9es et Donn\u00e9es DRE et tarification STS: Puis, dans la fiche &hellip; <a href=\"https:\/\/prooptic.axess.fr\/?page_id=133\" class=\"more-link\">Continuer la lecture de <span class=\"screen-reader-text\">AME<\/span><\/a><\/p>\n","protected":false},"author":1,"featured_media":0,"parent":126,"menu_order":0,"comment_status":"closed","ping_status":"open","template":"","meta":[],"_links":{"self":[{"href":"https:\/\/prooptic.axess.fr\/index.php?rest_route=\/wp\/v2\/pages\/133"}],"collection":[{"href":"https:\/\/prooptic.axess.fr\/index.php?rest_route=\/wp\/v2\/pages"}],"about":[{"href":"https:\/\/prooptic.axess.fr\/index.php?rest_route=\/wp\/v2\/types\/page"}],"author":[{"embeddable":true,"href":"https:\/\/prooptic.axess.fr\/index.php?rest_route=\/wp\/v2\/users\/1"}],"replies":[{"embeddable":true,"href":"https:\/\/prooptic.axess.fr\/index.php?rest_route=%2Fwp%2Fv2%2Fcomments&post=133"}],"version-history":[{"count":0,"href":"https:\/\/prooptic.axess.fr\/index.php?rest_route=\/wp\/v2\/pages\/133\/revisions"}],"up":[{"embeddable":true,"href":"https:\/\/prooptic.axess.fr\/index.php?rest_route=\/wp\/v2\/pages\/126"}],"wp:attachment":[{"href":"https:\/\/prooptic.axess.fr\/index.php?rest_route=%2Fwp%2Fv2%2Fmedia&parent=133"}],"curies":[{"name":"wp","href":"https:\/\/api.w.org\/{rel}","templated":true}]}}