{"id":1662,"date":"2016-07-27T15:16:55","date_gmt":"2016-07-27T14:16:55","guid":{"rendered":"http:\/\/www.prooptic-idm.com\/wiki\/wiki15\/?page_id=1662"},"modified":"2016-07-27T15:16:55","modified_gmt":"2016-07-27T14:16:55","slug":"gestion-des-montures-carte-blanche","status":"publish","type":"page","link":"https:\/\/prooptic.axess.fr\/?page_id=1662","title":{"rendered":"Gestion des montures CB"},"content":{"rendered":"<p style=\"text-align: justify;\">Le catalogue Carte Blanche est pr\u00e9sent dans l\u2019espace documentaire sur CBPEC \u00e0 partir du 1er juillet, vous pourrez le ainsi le t\u00e9l\u00e9charger.<\/p>\n<h2 style=\"text-align: justify;\">I. Partie Web<\/h2>\n<p style=\"text-align: justify;\">________________________________________________________________________________________________________________________________________________________________________________<\/p>\n<p style=\"text-align: justify;\">Lors du t\u00e9l\u00e9chargement, vous devrez sp\u00e9cifier le dossier dans lequel vous souhaitez l\u2019enregistrer, veillez \u00e0 bien noter ce dossier car il sera demand\u00e9 un peu plus tard.<\/p>\n<p style=\"text-align: justify;\"><img decoding=\"async\" loading=\"lazy\" src=\"http:\/\/prooptic.axess.fr\/wp-content\/uploads\/2016\/07\/site-cb-montures.png\" alt=\"site-cb-montures\" width=\"800\" height=\"514\" \/><\/p>\n<h2 style=\"text-align: justify;\">II. Partie Logiciel<\/h2>\n<p style=\"text-align: justify;\">________________________________________________________________________________________________________________________________________________________________________________<\/p>\n<p style=\"text-align: justify;\">Premi\u00e8rement, vous devez cr\u00e9er la marque \u00ab 1796 \u00bb ou \u00abCBP\u00bb ou \u00abPRYSME\u00bb dans Stock \/ Gestion des marques.<br \/>Deuxi\u00e8mement, ajouter le catalogue manuellement en passant par EDI \/ CATALOGUE \/ AJOUTER \/<\/p>\n<h2 style=\"text-align: justify;\"><img decoding=\"async\" loading=\"lazy\" src=\"http:\/\/prooptic.axess.fr\/wp-content\/uploads\/2016\/07\/four-cb.png\" alt=\"four-cb\" width=\"800\" height=\"630\" \/><\/h2>\n<p>Noter dans la zone Emetteur : <strong>CBP<\/strong><br \/>Titre : <strong>Catalogue carte blanche 07 2016<\/strong><br \/>Dans Fichier : utiliser le bouton au bout de la zone pour rechercher le fichier t\u00e9l\u00e9charg\u00e9.<\/p>\n<p>S\u00e9lectionner le fichier en veillant \u00e0 indiquer en bas \u00e0 droite dans type de fichier : Fichier Montures (*.cm)<\/p>\n<h2 style=\"text-align: justify;\"><img decoding=\"async\" loading=\"lazy\" src=\"http:\/\/prooptic.axess.fr\/wp-content\/uploads\/2016\/07\/fic-cb.png\" alt=\"fic-cb\" width=\"717\" height=\"515\" \/><\/h2>\n<p>Le catalogue sera alors consid\u00e9r\u00e9 comme t\u00e9l\u00e9charg\u00e9. Cocher ensuite la case S\u00e9lection et cliquer sur le bouton Traduire les catalogues. La traduction se fait en quelques secondes.<\/p>\n<h2 style=\"text-align: justify;\"><img decoding=\"async\" loading=\"lazy\" src=\"http:\/\/prooptic.axess.fr\/wp-content\/uploads\/2016\/07\/trad-cb.png\" alt=\"trad-cb\" width=\"800\" height=\"222\" \/><\/h2>\n<p><img decoding=\"async\" loading=\"lazy\" src=\"http:\/\/prooptic.axess.fr\/wp-content\/uploads\/2016\/07\/menu-gestion-monture-edi.png\" alt=\"menu-gestion-monture-edi\" width=\"800\" height=\"113\" \/><\/p>\n<h2 style=\"text-align: justify;\"><img decoding=\"async\" loading=\"lazy\" src=\"http:\/\/prooptic.axess.fr\/wp-content\/uploads\/2016\/07\/menu-monture-edi.png\" alt=\"menu-monture-edi\" width=\"800\" height=\"603\" \/><\/h2>\n<p>1 : s\u00e9lectionner le fabricant CBP.<br \/>2 : sur la ligne d\u00e9signation 2 cliquer sur le \u00ab ? \u00bb et s\u00e9lectionner CBP.<br \/>3 : sur la ligne d\u00e9signation 3 cliquer sur le \u00ab ? \u00bb\u00a0et s\u00e9lectionner 1796.<br \/>4 : sur la ligne marque du stock cliquer sur le bouton \u00ab &#8230;\u00a0\u00bb\u00a0et rechercher la marque que vous avez cr\u00e9\u00e9e au d\u00e9but de la proc\u00e9dure \u00ab <strong>1796<\/strong> \u00bb ou \u00ab<strong>CBP<\/strong>\u00bb ou \u00ab<strong>PRYSME<\/strong>\u00bb.<br \/>5 : cliquer sur le bouton <strong>Associer la marque<\/strong>, le bouton se transforme en <strong>Valider<\/strong>, cliquer de nouveau sur <strong>Valider<\/strong>.<br \/>6 : cliquer sur le bouton <strong>Afficher<\/strong><br \/>La liste des articles appara\u00eet comme ci-dessous.<\/p>\n<h2 style=\"text-align: justify;\"><img decoding=\"async\" loading=\"lazy\" src=\"http:\/\/prooptic.axess.fr\/wp-content\/uploads\/2016\/07\/affichage-m-edi.png\" alt=\"affichage-m-edi\" width=\"800\" height=\"603\" \/><\/h2>\n<p>Pour chacune des lignes indiquer :<br \/>1 : la <strong>famille<\/strong><br \/>2 : le <strong>type<\/strong><br \/>3 : le <strong>prix de vente stock (prix public de vente non adh\u00e9rents CBPEC<\/strong> conseill\u00e9 par carte blanche) en fonction du type de monture (inject\u00e9e, m\u00e9tal un fil, m\u00e9tal, perc\u00e9e, ac\u00e9tate, ac\u00e9tate OFG, m\u00e9tal OFG). Vous devrez faire dans la fiche du client la remise correspondante pour arriver aux prix adh\u00e9rents carte blanche.<br \/>4 : Cliquer ensuite sur le bouton <strong>Cr\u00e9er<\/strong>. Attention, si vous ne voyez pas le bouton Cr\u00e9er, utiliser l\u2019ascenseur horizontal situ\u00e9 en bas.<\/p>\n<p><img decoding=\"async\" loading=\"lazy\" src=\"http:\/\/prooptic.axess.fr\/wp-content\/uploads\/2016\/07\/ascenseur-m-edi.png\" alt=\"ascenseur-m-edi\" width=\"800\" height=\"95\" \/><\/p>\n<p>5 : L\u2019article sera cr\u00e9\u00e9 dans Prooptic, le num\u00e9ro d\u2019article appara\u00eetra automatiquement, l\u2019\u00e9tiquette sera mise en attente d\u2019impression.<br \/>Renouveler l\u2019op\u00e9ration pour les diff\u00e9rentes lignes.<\/p>\n<p><img decoding=\"async\" loading=\"lazy\" src=\"http:\/\/prooptic.axess.fr\/wp-content\/uploads\/2016\/07\/btn-creer-m-edi.png\" alt=\"btn-creer-m-edi\" width=\"800\" height=\"604\" \/><\/p>\n<p>Aller ensuite\u00a0proc\u00e9der \u00e0 l&rsquo;\u00e9tiquetage habituel.<\/p>\n","protected":false},"excerpt":{"rendered":"<p>Le catalogue Carte Blanche est pr\u00e9sent dans l\u2019espace documentaire sur CBPEC \u00e0 partir du 1er juillet, vous pourrez le ainsi le t\u00e9l\u00e9charger. I. Partie Web ________________________________________________________________________________________________________________________________________________________________________________ Lors du t\u00e9l\u00e9chargement, vous devrez sp\u00e9cifier le dossier dans lequel vous souhaitez l\u2019enregistrer, veillez \u00e0 bien noter ce dossier car il sera demand\u00e9 un peu plus tard. II. Partie &hellip; <a href=\"https:\/\/prooptic.axess.fr\/?page_id=1662\" class=\"more-link\">Continuer la lecture de <span class=\"screen-reader-text\">Gestion des montures CB<\/span><\/a><\/p>\n","protected":false},"author":1,"featured_media":0,"parent":0,"menu_order":0,"comment_status":"closed","ping_status":"closed","template":"","meta":[],"_links":{"self":[{"href":"https:\/\/prooptic.axess.fr\/index.php?rest_route=\/wp\/v2\/pages\/1662"}],"collection":[{"href":"https:\/\/prooptic.axess.fr\/index.php?rest_route=\/wp\/v2\/pages"}],"about":[{"href":"https:\/\/prooptic.axess.fr\/index.php?rest_route=\/wp\/v2\/types\/page"}],"author":[{"embeddable":true,"href":"https:\/\/prooptic.axess.fr\/index.php?rest_route=\/wp\/v2\/users\/1"}],"replies":[{"embeddable":true,"href":"https:\/\/prooptic.axess.fr\/index.php?rest_route=%2Fwp%2Fv2%2Fcomments&post=1662"}],"version-history":[{"count":0,"href":"https:\/\/prooptic.axess.fr\/index.php?rest_route=\/wp\/v2\/pages\/1662\/revisions"}],"wp:attachment":[{"href":"https:\/\/prooptic.axess.fr\/index.php?rest_route=%2Fwp%2Fv2%2Fmedia&parent=1662"}],"curies":[{"name":"wp","href":"https:\/\/api.w.org\/{rel}","templated":true}]}}