{"id":1760,"date":"2016-12-07T15:42:27","date_gmt":"2016-12-07T14:42:27","guid":{"rendered":"http:\/\/www.prooptic-idm.com\/wiki\/wiki15\/?page_id=1760"},"modified":"2016-12-07T15:42:27","modified_gmt":"2016-12-07T14:42:27","slug":"informations-sur-les-grilles","status":"publish","type":"page","link":"https:\/\/prooptic.axess.fr\/?page_id=1760","title":{"rendered":"Informations sur les grilles"},"content":{"rendered":"<p style=\"text-align: justify;\"><img decoding=\"async\" src=\"http:\/\/www.areasante.fr\/images\/logo.png\" \/><\/p>\n<p style=\"text-align: justify;\">AreaGRILLE est un r\u00e9f\u00e9rentiel d\u00e9taill\u00e9 de la tarification conventionnelle des Opticiens de certains Organismes Compl\u00e9mentaires.<\/p>\n<p style=\"text-align: justify;\">Ce r\u00e9f\u00e9rentiel centralise les informations sur les conditions tarifaires des principaux Plateaux de Tiers-Payant Compl\u00e9mentaires\u00a0: Carte Blanche, Sant\u00e9clair, Terciane, Actil\u2026<\/p>\n<p style=\"text-align: justify;\">AreaGRILLE est int\u00e9gr\u00e9 dans des logiciels m\u00e9tier afin de fiabiliser la tarification conventionnelle dans le secteur de l\u2019Optique.<\/p>\n<h2 style=\"text-align: justify;\">I. Pourquoi utiliser les grilles tarifaires centralis\u00e9es ?<\/h2>\n<p style=\"text-align: justify;\">____________________________________________________________________________________________________________________________________________________<\/p>\n<h3>a. Simplifier la gestion des dossiers Tiers-Payant avec les Organismes Compl\u00e9mentaires<\/h3>\n<p>__________________________________________________________________________<\/p>\n<p style=\"text-align: justify;\">AreaGRILLE permet de mettre en place une base de donn\u00e9es unique et fiabilis\u00e9e sur la tarification conventionnelle par produit\u00a0: verres et lentilles.<\/p>\n<p style=\"text-align: justify;\">AreaGRILLE permet d\u2019obtenir une grille tarifaire d\u00e9taill\u00e9e suivant la situation conventionnelle de l\u2019Opticien directement dans le logiciel de gestion du Professionnel de Sant\u00e9.<\/p>\n<h3>b. R\u00e9duire les erreurs de saisie des dossiers Tiers-Payant<\/h3>\n<p>__________________________________________________________________________<\/p>\n<p style=\"text-align: justify;\">L\u2019utilisation du R\u00e9f\u00e9rentiel r\u00e9duit les erreurs de saisie sur les dossiers Tiers-Payant\u00a0par la s\u00e9lection des verres possibles dans le cadre de l\u2019ordonnance et de la convention tarifaire avec l\u2019Organisme.<\/p>\n<p style=\"text-align: justify;\">Les informations du R\u00e9f\u00e9rentiel servent au moment de la Cotation ou de la Prise En Charge de la prestation aupr\u00e8s de l\u2019Organisme Compl\u00e9mentaire.\u00a0<\/p>\n<p style=\"text-align: justify;\">AreaGRILLE permet de r\u00e9duire les refus de PEC sur l\u2019application de la convention tarifaire\u00a0:<\/p>\n<table width=\"531\">\n<tbody>\n<tr>\n<td>\n<p>SANS AREAGRILLE<\/p>\n<p>TAUX DE REFUS = 30 % (*)<\/p>\n<\/td>\n<td>\n<p><strong>AVEC AREAGRILLE\u00a0<\/strong><\/p>\n<p><strong>TAUX DE REFUS = 5% (*)<\/strong><\/p>\n<\/td>\n<\/tr>\n<\/tbody>\n<\/table>\n<p>(*) Moyenne constat\u00e9e en 2015, sur les Opticiens utilisant AreaPEC seul et AreaPEC avec AreaGRILLE.<\/p>\n<h3>c. Gagner du temps sur la gestion des dossiers Tiers-Payant<\/h3>\n<p>__________________________________________________________________________<\/p>\n<p style=\"text-align: justify;\">L\u2019utilisation du R\u00e9f\u00e9rentiel apporte un gain de temps aux Opticiens\u00a0:<\/p>\n<ul>\n<li style=\"text-align: justify;\">la saisie des grilles est r\u00e9alis\u00e9e et consolid\u00e9e par Area Sant\u00e9 et par des Opticiens sp\u00e9cialis\u00e9s,<\/li>\n<li style=\"text-align: justify;\">toutes les modifications sont automatiquement redescendues dans le logiciel de gestion.\u00a0<\/li>\n<\/ul>\n<h2 style=\"text-align: justify;\">II. Comment cela fonctionne ?<\/h2>\n<p style=\"text-align: justify;\">____________________________________________________________________________________________________________________________________________________<\/p>\n<p style=\"text-align: justify;\">A chaque ordonnance, l\u2019Opticien interroge AreaGRILLE directement de son logiciel de gestion afin de conna\u00eetre les verres ou les lentilles compatibles avec son conventionnement aupr\u00e8s de l\u2019Organisme Compl\u00e9mentaires.\u00a0<\/p>\n<p style=\"text-align: justify;\">Lors de l\u2019interrogation, le logiciel de gestion affiche la liste des produits, et l\u2019Opticien peut alors choisir les verres ou les lentilles le plus en ad\u00e9quation avec sa prestation.\u00a0<\/p>\n<p style=\"text-align: justify;\">Les informations d\u2019AreaGRILLE ont \u00e9t\u00e9 v\u00e9rifi\u00e9es et consolid\u00e9es par l\u2019\u00e9quipe Area Sant\u00e9, et par des Opticiens qualifi\u00e9s et sp\u00e9cialis\u00e9s.<\/p>\n<p style=\"text-align: justify;\">Les grilles sont mises \u00e0 jour suivant les \u00e9volutions conventionnelles des Organismes Compl\u00e9mentaires et les mises \u00e0 jour de catalogues verriers.<\/p>\n<p style=\"text-align: justify;\">Les informations d\u2019AreaGRILLE sont consultables uniquement depuis le logiciel de gestion de l\u2019Opticien. L\u2019Opticien peut choisir de les utiliser ou de forcer certaines informations s\u2019il le juge utile.<\/p>\n<h2 style=\"text-align: justify;\">III. Modes d&rsquo;int\u00e9gration<\/h2>\n<p style=\"text-align: justify;\">____________________________________________________________________________________________________________________________________________________<\/p>\n<p style=\"text-align: justify;\">AreaGRILLE communique avec le logiciel de gestion par webservices.<\/p>\n<h2 style=\"text-align: justify;\">IV. D\u00e9tail des fonctionnalit\u00e9s<\/h2>\n<p style=\"text-align: justify;\">____________________________________________________________________________________________________________________________________________________<\/p>\n<h3>a. Niveaux d\u2019information<\/h3>\n<p>__________________________________________________________________________<\/p>\n<p style=\"text-align: justify;\">AreaGRILLE contient\u00a0plusieurs niveaux d\u2019informations\u00a0:<\/p>\n<ul>\n<li style=\"text-align: justify;\">l\u2019identification du magasin d\u2019optique,<\/li>\n<li style=\"text-align: justify;\">la liste des verres d\u2019un Organisme Compl\u00e9mentaire correspondant \u00e0 la prescription du patient de l\u2019opticien,<\/li>\n<li style=\"text-align: justify;\">la liste des suppl\u00e9ments d\u2019un Organisme Compl\u00e9mentaire correspondant \u00e0 la prescription du patient,<\/li>\n<li style=\"text-align: justify;\">la liste des lentilles correspondant \u00e0 la prescription du patient.<\/li>\n<\/ul>\n<h3>b. Grilles g\u00e9r\u00e9es en 2016<\/h3>\n<p>__________________________________________________________________________<\/p>\n<table>\n<tbody>\n<tr>\n<td><strong>GESTIONNAIRES<\/strong><\/td>\n<td><strong>NBRE AMC\u00a0<\/strong><strong>IDENTIFI\u00c9ES AREA AMC<\/strong><\/td>\n<td><strong>NBRE OPTICIENS CONVENTIONN\u00c9S<\/strong><\/td>\n<td><strong>NBRE B\u00c9N\u00c9FICIAIRES COUVERTS<\/strong><\/td>\n<td><strong>AREAGRILLE<\/strong><\/td>\n<\/tr>\n<tr>\n<td>CARTE BLANCHE<\/td>\n<td>78<\/td>\n<td>7 734<\/td>\n<td>6.5 millions<\/td>\n<td>OUI<\/td>\n<\/tr>\n<tr>\n<td>SANTECLAIR<\/td>\n<td>62<\/td>\n<td>2 996<\/td>\n<td>8.5 millions<\/td>\n<td>OUI<\/td>\n<\/tr>\n<tr>\n<td>ACTIL<\/td>\n<td>28<\/td>\n<td>tous les Opticiens qui ont fait la demande \/ sans condition particuli\u00e8re<\/td>\n<td>1,5 millions<\/td>\n<td>OUI<\/td>\n<\/tr>\n<tr>\n<td>OPTISTYA<\/td>\n<td>\u00a0<\/td>\n<td>7 600<\/td>\n<td>4.9 millions<\/td>\n<td>OUI<\/td>\n<\/tr>\n<tr>\n<td>ITELIS<\/td>\n<td>51<\/td>\n<td>2 500<\/td>\n<td>6 millions<\/td>\n<td>OUI<\/td>\n<\/tr>\n<tr>\n<td>SEVEANE<\/td>\n<td>15<\/td>\n<td>3 500<\/td>\n<td>6.5 millions<\/td>\n<td>OUI<\/td>\n<\/tr>\n<tr>\n<td>GENERATION<\/td>\n<td>1<\/td>\n<td>?<\/td>\n<td>1.4 millions<\/td>\n<td>&#8211;<\/td>\n<\/tr>\n<tr>\n<td>KALIVIA<\/td>\n<td>83<\/td>\n<td>5 063<\/td>\n<td>11 millions<\/td>\n<td>OUI<\/td>\n<\/tr>\n<\/tbody>\n<\/table>\n","protected":false},"excerpt":{"rendered":"<p>AreaGRILLE est un r\u00e9f\u00e9rentiel d\u00e9taill\u00e9 de la tarification conventionnelle des Opticiens de certains Organismes Compl\u00e9mentaires. Ce r\u00e9f\u00e9rentiel centralise les informations sur les conditions tarifaires des principaux Plateaux de Tiers-Payant Compl\u00e9mentaires\u00a0: Carte Blanche, Sant\u00e9clair, Terciane, Actil\u2026 AreaGRILLE est int\u00e9gr\u00e9 dans des logiciels m\u00e9tier afin de fiabiliser la tarification conventionnelle dans le secteur de l\u2019Optique. I. Pourquoi &hellip; <a href=\"https:\/\/prooptic.axess.fr\/?page_id=1760\" class=\"more-link\">Continuer la lecture de <span class=\"screen-reader-text\">Informations sur les grilles<\/span><\/a><\/p>\n","protected":false},"author":1,"featured_media":0,"parent":0,"menu_order":0,"comment_status":"closed","ping_status":"closed","template":"","meta":[],"_links":{"self":[{"href":"https:\/\/prooptic.axess.fr\/index.php?rest_route=\/wp\/v2\/pages\/1760"}],"collection":[{"href":"https:\/\/prooptic.axess.fr\/index.php?rest_route=\/wp\/v2\/pages"}],"about":[{"href":"https:\/\/prooptic.axess.fr\/index.php?rest_route=\/wp\/v2\/types\/page"}],"author":[{"embeddable":true,"href":"https:\/\/prooptic.axess.fr\/index.php?rest_route=\/wp\/v2\/users\/1"}],"replies":[{"embeddable":true,"href":"https:\/\/prooptic.axess.fr\/index.php?rest_route=%2Fwp%2Fv2%2Fcomments&post=1760"}],"version-history":[{"count":0,"href":"https:\/\/prooptic.axess.fr\/index.php?rest_route=\/wp\/v2\/pages\/1760\/revisions"}],"wp:attachment":[{"href":"https:\/\/prooptic.axess.fr\/index.php?rest_route=%2Fwp%2Fv2%2Fmedia&parent=1760"}],"curies":[{"name":"wp","href":"https:\/\/api.w.org\/{rel}","templated":true}]}}