{"id":1903,"date":"2017-04-12T10:21:32","date_gmt":"2017-04-12T08:21:32","guid":{"rendered":"http:\/\/www.prooptic-idm.com\/wiki\/wiki15\/?page_id=1903"},"modified":"2017-04-12T10:21:32","modified_gmt":"2017-04-12T08:21:32","slug":"winfit","status":"publish","type":"page","link":"https:\/\/prooptic.axess.fr\/?page_id=1903","title":{"rendered":"WinFit"},"content":{"rendered":"<p>Le module Winfit permet d&rsquo;envoyer les <b>donn\u00e9es client et optique\u00a0<\/b>d&rsquo;un dossier au logiciel Winfit. Une fois toutes les op\u00e9rations termin\u00e9es, il ne vous reste plus qu&rsquo;\u00e0 compl\u00e9ter et sauvegarder le dossier dans Winfit. Prooptic V5 vous demandera alors si la commande a \u00e9t\u00e9 pass\u00e9e par Winfit pour la <strong>solder automatiquement<\/strong> du ficher des commandes. Vous gagnez du temps en ne saisissant qu&rsquo;une seul fois les informations et vous n&rsquo;utilisez plus qu&rsquo;un seul logiciel pour passer et g\u00e9rer vos commandes verres.<\/p>\n<p>Un param\u00e9trage est n\u00e9cessaire avant d&rsquo;utiliser Winfit.<\/p>\n<p>Il faut se rendre dans les param\u00e8tres du fournisseur Rodenstock <strong>(EDI -&gt; Fournisseurs -&gt; Modifier sur ROD) <\/strong>et indiquer le chemin du dossier d&rsquo;\u00e9change (libre) et le chemin de l&rsquo;ex\u00e9cutable (fixe) :<\/p>\n<p><img decoding=\"async\" loading=\"lazy\" src=\"http:\/\/prooptic.axess.fr\/wp-content\/uploads\/2019\/05\/param_winfit.png\" alt=\"\" width=\"800\" height=\"472\" \/><\/p>\n<p>L&rsquo;envoi des informations vers Winfit se fait \u00e0 partir de l&rsquo;<strong>onglet Commande<\/strong> dans un <strong>dossier client<\/strong> puis <strong>Envoi <\/strong>:<\/p>\n<p><img decoding=\"async\" loading=\"lazy\" src=\"http:\/\/prooptic.axess.fr\/wp-content\/uploads\/2019\/05\/btn_envoi_winfit.png\" alt=\"\" width=\"800\" height=\"604\" \/><\/p>\n<p>Winfit va alors se lancer automatiquement.<\/p>\n<p>Il faut ensuite aller dans le menu <b>Importation <\/b>puis <b>B2bOptic <\/b>:<\/p>\n<p><img decoding=\"async\" loading=\"lazy\" src=\"http:\/\/prooptic.axess.fr\/wp-content\/uploads\/2019\/05\/menu_b2boptic.png\" alt=\"\" width=\"800\" height=\"577\" \/><\/p>\n<p>Une nouvelle fen\u00eatre s&rsquo;ouvrira et il faudra aller <strong>s\u00e9lectionner le fichier correspondant au client<\/strong> (il faudra \u00e9galement la premi\u00e8re fois <strong>s\u00e9lectionner le r\u00e9pertoire par d\u00e9faut<\/strong> du stockage des fichiers Winfit <strong>par exemple: C:Program Files (x86)RodenstockEchange)<\/strong> :<\/p>\n<p><img decoding=\"async\" loading=\"lazy\" src=\"http:\/\/prooptic.axess.fr\/wp-content\/uploads\/2019\/05\/fichier_echange_winfit.png\" alt=\"\" width=\"800\" height=\"500\" \/><\/p>\n","protected":false},"excerpt":{"rendered":"<p>Le module Winfit permet d&rsquo;envoyer les donn\u00e9es client et optique\u00a0d&rsquo;un dossier au logiciel Winfit. Une fois toutes les op\u00e9rations termin\u00e9es, il ne vous reste plus qu&rsquo;\u00e0 compl\u00e9ter et sauvegarder le dossier dans Winfit. Prooptic V5 vous demandera alors si la commande a \u00e9t\u00e9 pass\u00e9e par Winfit pour la solder automatiquement du ficher des commandes. Vous &hellip; <a href=\"https:\/\/prooptic.axess.fr\/?page_id=1903\" class=\"more-link\">Continuer la lecture de <span class=\"screen-reader-text\">WinFit<\/span><\/a><\/p>\n","protected":false},"author":1,"featured_media":0,"parent":0,"menu_order":0,"comment_status":"closed","ping_status":"closed","template":"","meta":[],"_links":{"self":[{"href":"https:\/\/prooptic.axess.fr\/index.php?rest_route=\/wp\/v2\/pages\/1903"}],"collection":[{"href":"https:\/\/prooptic.axess.fr\/index.php?rest_route=\/wp\/v2\/pages"}],"about":[{"href":"https:\/\/prooptic.axess.fr\/index.php?rest_route=\/wp\/v2\/types\/page"}],"author":[{"embeddable":true,"href":"https:\/\/prooptic.axess.fr\/index.php?rest_route=\/wp\/v2\/users\/1"}],"replies":[{"embeddable":true,"href":"https:\/\/prooptic.axess.fr\/index.php?rest_route=%2Fwp%2Fv2%2Fcomments&post=1903"}],"version-history":[{"count":0,"href":"https:\/\/prooptic.axess.fr\/index.php?rest_route=\/wp\/v2\/pages\/1903\/revisions"}],"wp:attachment":[{"href":"https:\/\/prooptic.axess.fr\/index.php?rest_route=%2Fwp%2Fv2%2Fmedia&parent=1903"}],"curies":[{"name":"wp","href":"https:\/\/api.w.org\/{rel}","templated":true}]}}