{"id":1975,"date":"2017-06-22T11:01:19","date_gmt":"2017-06-22T09:01:19","guid":{"rendered":"http:\/\/www.prooptic-idm.com\/wiki\/wiki15\/?page_id=1975"},"modified":"2017-06-22T11:01:19","modified_gmt":"2017-06-22T09:01:19","slug":"facturation-amc","status":"publish","type":"page","link":"https:\/\/prooptic.axess.fr\/?page_id=1975","title":{"rendered":"Facturation AMC"},"content":{"rendered":"<p style=\"text-align: justify;\"><strong>La facturation AMC avec t\u00e9l\u00e9transmission intervient d\u00e8s que l&rsquo;on coche la case \u00ab\u00a0T\u00e9l\u00e9transmission mutuelle\u00a0\u00bb :<\/strong><\/p>\n<p>1.Si la case Tiers-Payant mutuelle reste d\u00e9coch\u00e9e, on est en facturation <strong>hors tiers-payant (HTP)<\/strong> : le client se fera rembourser.<img decoding=\"async\" loading=\"lazy\" src=\"http:\/\/prooptic.axess.fr\/wp-content\/uploads\/2017\/06\/tp-decoche-amc.png\" alt=\"\" width=\"800\" height=\"200\" \/><img decoding=\"async\" loading=\"lazy\" src=\"http:\/\/prooptic.axess.fr\/wp-content\/uploads\/2017\/06\/Logo256-1.png\" alt=\"\" width=\"30\" height=\"30\" \/> La plupart des mutuelles n&rsquo;acceptent pas le HTP. Se renseigner aupr\u00e8s de la mutuelle client si n\u00e9cessaire.<\/p>\n<p>2.Si la case Tiers-Payant mutuelle est coch\u00e9e, le <strong>tiers-payant<\/strong> est demand\u00e9 : Vous avancez les frais. Le solde d\u00e9duira, en fin de validation SV, le montant AMC.<img decoding=\"async\" loading=\"lazy\" src=\"http:\/\/prooptic.axess.fr\/wp-content\/uploads\/2017\/06\/tp-coche-amc.png\" alt=\"\" width=\"800\" height=\"198\" \/><\/p>\n<p style=\"text-align: justify;\"><strong>Pour pratiquer la facturation AMC, il faut :<\/strong><\/p>\n<p><strong>A- <em>Conna\u00eetre le mode de gestion de la mutuelle du client :<\/em><\/strong><br \/>Voir : <a style=\"color: #000000;\" href=\"http:\/\/www.prooptic-idm.com\/wiki\/wiki15\/?page_id=1977\" target=\"_blank\" rel=\"noopener noreferrer\">D\u00e9termination du mode de gestion unique \/ s\u00e9par\u00e9 de la compl\u00e9mentaire<\/a> <\/p>\n<p>&#8211;<strong>S&rsquo;il s&rsquo;agit d&rsquo;une mutuelle en gestion unique<\/strong>, c&rsquo;est le r\u00e9gime obligatoire qui le g\u00e8re et la convention sera pr\u00e9sente, normalement, dans la table des conventions de Prooptic.\u00a0 <\/p>\n<p>&#8211; <strong>S&rsquo;il s&rsquo;agit d&rsquo;une mutuelle en gestion s\u00e9par\u00e9e<\/strong>, la convention n&rsquo;est peut-\u00eatre pas pr\u00e9sente car cela d\u00e9pend des accords sign\u00e9s entre les repr\u00e9sentants des opticiens et les mutuelles.<br \/>Un agr\u00e9ment automatique est int\u00e9gr\u00e9 avec Prooptic lors de votre passage au mode SV s\u00e9curis\u00e9 avec une liste de conventions. Nous vous importons \u00e9galement, lors de l&rsquo;installation, les conventions d&rsquo;Actil, Almerys, iSant\u00e9, Korelio, et SP Sant\u00e9, que nous avons \u00e0 disposition.<br \/>Pour savoir qui pratique la t\u00e9l\u00e9transmission SV :<br \/><a style=\"color: #000000;\" href=\"http:\/\/www.prooptic-idm.com\/wiki\/wiki15\/?page_id=1969\" target=\"_blank\" rel=\"noopener noreferrer\">Liste des AMC en SV<\/a><\/p>\n<p><strong>B- <em>que les informations de la mutuelle soient enregistr\u00e9es dans la fiche dans le cadre \u00ab\u00a0Attestation AMC\u00a0\u00bb<\/em> :<\/strong><img decoding=\"async\" loading=\"lazy\" src=\"http:\/\/prooptic.axess.fr\/wp-content\/uploads\/2017\/06\/cadre-attestation-amc.png\" alt=\"\" width=\"800\" height=\"543\" \/><\/p>\n<p style=\"text-align: justify;\">Par d\u00e9faut les informations du cadre \u00ab\u00a0Attestation AMC\u00a0\u00bb ne sont pas saisissables car\u00a0remont\u00e9es\u00a0de la carte vitale. Cela permet de ne rien avoir \u00e0 saisir (ou presque) pour une CMU ou une MSA, par exemple, qui sont des situations o\u00f9 les informations sont g\u00e9n\u00e9ralement visibles sur la Carte Vitale du client.<br \/>Pour qu&rsquo;elles soit saisissables, il faut<strong>\u00a0<\/strong>cliquer sur <strong>Modifier l&rsquo;Attestation AMC<\/strong> et indiquer que l&rsquo;on prend les informations depuis une carte mutuelle :<img decoding=\"async\" loading=\"lazy\" src=\"http:\/\/prooptic.axess.fr\/wp-content\/uploads\/2017\/06\/support-autre-amc.png\" alt=\"\" width=\"800\" height=\"543\" \/>Que ce soit en gestion unique ou s\u00e9par\u00e9e, le cadre Attestation AMC doit \u00eatre renseign\u00e9 avec au moins :<\/p>\n<ol style=\"text-align: justify;\">\n<li><strong>Type de gestion<\/strong> (unique\/s\u00e9par\u00e9);<\/li>\n<li><strong>MUTNUM en gestion unique<\/strong> = n\u00b0 identifiant la mutuelle et terme que l&rsquo;on peut trouver sur les cartes mutuelle.<\/li>\n<li><strong>N\u00b0AMC<\/strong>,\u00a0mais aussi\u00a0parfois en compl\u00e9ment en gestion unique = l&rsquo;expression n&rsquo;est pas retrouv\u00e9e en carte mutuelle car le num\u00e9ro attendu peut \u00eatre not\u00e9 sous forme d&rsquo;un code pr\u00e9fectoral, un n\u00b0 Siren, un RNM, n\u00b0 AMC, n\u00b0 DRE ou n\u00b0 de t\u00e9l\u00e9transmission;<\/li>\n<li><strong>Dates d&rsquo;ouverture des\u00a0droits<\/strong> (souvent du 1er janvier au 31 d\u00e9cembre de l&rsquo;ann\u00e9e en cours)<\/li>\n<li><strong>N\u00b0 de prise en charge<\/strong>, \u00e0 rajouter obligatoirement en DRE. S&rsquo;il n&rsquo;est pas indiqu\u00e9 sous le terme de n\u00b0 de PEC, cela peut \u00eatre un num\u00e9ro de dossier ou une \u00ab\u00a0r\u00e9f\u00e9rence\u00a0\u00bb (SP Sant\u00e9). Il n&rsquo;est pas obligatoire en gestion unique (mais il faudra quand m\u00eame en mettre un quelconque si vous avez un forfait global \u00e0 indiquer dans \u00ab\u00a0Montant PEC \u00e0 ventiler\u00a0\u00bb).<\/li>\n<\/ol>\n<p style=\"text-align: justify;\">Exemple de gestion unique (CAMIEG), les informations sont en cartes vitale ou enregistr\u00e9es dans Prooptic lors d&rsquo;un premier passage :<\/p>\n<p style=\"text-align: justify;\"><img decoding=\"async\" loading=\"lazy\" src=\"http:\/\/www.prooptic-idm.com\/wiki\/wp-content\/uploads\/sites\/3\/2017\/06\/camieg-fact-amc-1-1030x699.png\" alt=\"\" width=\"734\" height=\"498\" \/><\/p>\n<p style=\"text-align: justify;\">Exemple de gestion unique, les informations sont \u00e0 saisir manuellement :<\/p>\n<p style=\"text-align: justify;\"><img decoding=\"async\" loading=\"lazy\" src=\"http:\/\/prooptic.axess.fr\/wp-content\/uploads\/2017\/06\/info-manuelle-fact-amc.png\" alt=\"\" width=\"800\" height=\"543\" \/><\/p>\n<p style=\"text-align: justify;\">Exemple de gestion s\u00e9par\u00e9e, pour Almerys, les informations sont \u00e0 saisir manuellement :<\/p>\n<p><img decoding=\"async\" loading=\"lazy\" src=\"http:\/\/prooptic.axess.fr\/wp-content\/uploads\/2017\/06\/ex-gestion-separee-fact-amc.png\" alt=\"\" width=\"800\" height=\"543\" \/><\/p>\n<p>On peut rajouter :<\/p>\n<ol>\n<li><strong>n\u00b0 d&rsquo;adh\u00e9rent<\/strong>, selon les contrats en gestion s\u00e9par\u00e9e, ou les garanties, en gestion unique (sous forme de O et N pour Oui et Non, comme sur les cartes mutuelle)<\/li>\n<li><strong>montant\u00a0Pec \u00e0 ventiler<\/strong> : uniquement si vous avez un forfait global (dans l&rsquo;exemple ci-dessus). Ce montant n&rsquo;est dispatch\u00e9 sur les lignes d&rsquo;articles et d\u00e9compt\u00e9 du solde qu&rsquo;apr\u00e8s la validation SV.<br \/>Le n\u00b0 de PEC est obligatoire si vous indiquez un montant PEC \u00e0 ventiler.<\/li>\n<li><strong>indicateur de traitement (ISANTE) :<\/strong> pr\u00e9cis\u00e9 dans certaines conventions, et pas toujours demand\u00e9. C&rsquo;est un\u00a0code qui indique le type d&rsquo;accord (TP et\/ou HTP), ainsi que l&rsquo;acceptation de la DRE de rectification ou non.<br \/>Actuellement, ISant\u00e9 demande la valeur 23 ou 33 pour Almerys.<\/li>\n<\/ol>\n<ul style=\"text-align: justify;\">\n<li><strong>Case \u00ab\u00a0Montant pris en charge\u00a0\u00bb <\/strong>:\n<ol>\n<li>Si vous avez des montants de PEC par article, v\u00e9rifiez les cases ligne par ligne.<br \/><img decoding=\"async\" loading=\"lazy\" src=\"http:\/\/prooptic.axess.fr\/wp-content\/uploads\/2017\/06\/Logo256.png\" alt=\"\" width=\"30\" height=\"30\" \/><strong>Il est tr\u00e8s important de respecter l&rsquo;accord de PEC re\u00e7u, \u00e0 la lettre, pour \u00e9viter tout rejet.<\/strong><br \/>Vous ne pouvez cumuler un montant global \u00e0 ventiler et des montants ligne par ligne.<\/li>\n<li>Si vous avez des montants ligne par ligne, les cases <strong>doivent toujours contenir les montants de la mutuelle<\/strong>.<br \/><strong>Il n&rsquo;y a que lors d&rsquo;une CMU ou d&rsquo;un montant PEC \u00e0 ventiler que la colonne Montant AMC reste vide.<\/strong><\/li>\n<\/ol>\n<\/li>\n<\/ul>\n<p style=\"text-align: justify;\">Apr\u00e8s avoir cliqu\u00e9 sur <strong>Appliquer<\/strong> puis <strong>Continuer<\/strong>, une recherche de la convention applicable fera appara\u00eetre une fen\u00eatre, listant les conventions correspondant aux informations lues de la carte vitale ou saisies dans le cadre \u00ab\u00a0Attestation AMC\u00a0\u00bb.<br \/>Si aucune convention n&rsquo;est trouv\u00e9e, ou si vous n&rsquo;avez pas cliqu\u00e9 sur une des lignes, le message :<\/p>\n<p style=\"text-align: justify;\">\u00ab\u00a0<strong>Pas de convention trouv\u00e9e\/s\u00e9lectionn\u00e9e, l&rsquo;envoi d&rsquo;une DRE n&rsquo;est pas possible.<\/strong>\u00ab\u00a0<\/p>\n<p style=\"text-align: justify;\">vous en avertira et\u00a0la facturation ne pourra\u00a0se poursuivre avec les informations saisies.<br \/>Si la convention est trouv\u00e9e, <strong>il faut donc la s\u00e9lectionner<\/strong> et poursuivre jusqu&rsquo;\u00e0 cliquer sur le bouton \u00ab\u00a0Signer\u00a0\u00bb, au bas de\u00a0la fen\u00eatre AreaFSE r\u00e9capitulant la facturation.<\/p>\n<p style=\"text-align: justify;\">Exemple avec une ligne, Almerys :<\/p>\n<p style=\"text-align: justify;\"><img decoding=\"async\" loading=\"lazy\" src=\"http:\/\/www.prooptic-idm.com\/wiki\/wiki15\/wp-content\/uploads\/sites\/3\/2019\/04\/AreaFSE_ChoixConventionAMC_Almerys-300x102.png\" alt=\"\" width=\"300\" height=\"102\" \/><\/p>\n<p style=\"text-align: justify;\">Quelque soit le nombre de lignes de convention propos\u00e9es, si vous ne cliquez pas sur une des lignes, le message \u00ab\u00a0aucune convention trouv\u00e9e\u00a0\u00bb appara\u00eetra. Recommencer l&rsquo;op\u00e9ration jusqu&rsquo;\u00e0 ce que la convention soit s\u00e9lectionn\u00e9e.<\/p>\n<p style=\"text-align: justify;\">Une convention peut ne pas \u00eatre trouv\u00e9e si, en gestion s\u00e9par\u00e9e, vous n&rsquo;avez pas coch\u00e9 \u00ab\u00a0TP AMC\u00a0\u00bb. Seules les mutuelles de la FNMF (Mutualit\u00e9 Fran\u00e7aise) ont sign\u00e9 un accord de hors tiers-payant avec l&rsquo;optique en DRE. Pour Actil, Almerys, Korelio, I-Sant\u00e9, SP Sant\u00e9, vous serez oblig\u00e9s de pratiquer le tiers-payant.<\/p>\n<p style=\"text-align: justify;\">Une fois le dossier valid\u00e9 SV, vous n&rsquo;avez pas de papier \u00e0 imprimer (sauf pour SP Sant\u00e9, voir ci-dessous).<\/p>\n<p style=\"text-align: justify;\"><strong>Lorsque vous t\u00e9l\u00e9transmettez le dossier :<\/strong><\/p>\n<ul style=\"text-align: justify;\">\n<li>en cas de gestion s\u00e9par\u00e9e, vous obtenez une ligne de facture ind\u00e9pendante not\u00e9e \u00ab\u00a0DRE\u00a0\u00bb au lieu de \u00ab\u00a0FSE\u00a0\u00bb dans les \u00ab\u00a0Lots envoy\u00e9s\u00a0\u00bb, pour laquelle un RSP sera attendu si vous avez pratiqu\u00e9 le tiers-payant.<\/li>\n<li>en cas de gestion unique, vous n&rsquo;obtenez qu&rsquo;une ligne de facture not\u00e9e \u00ab\u00a0FSE\u00a0\u00bb. Il s&rsquo;agit d&rsquo;une FSE enrichie qui contient, et la part obligatoire, et la part compl\u00e9mentaire.<\/li>\n<\/ul>\n","protected":false},"excerpt":{"rendered":"<p>La facturation AMC avec t\u00e9l\u00e9transmission intervient d\u00e8s que l&rsquo;on coche la case \u00ab\u00a0T\u00e9l\u00e9transmission mutuelle\u00a0\u00bb : 1.Si la case Tiers-Payant mutuelle reste d\u00e9coch\u00e9e, on est en facturation hors tiers-payant (HTP) : le client se fera rembourser. La plupart des mutuelles n&rsquo;acceptent pas le HTP. Se renseigner aupr\u00e8s de la mutuelle client si n\u00e9cessaire. 2.Si la case &hellip; <a href=\"https:\/\/prooptic.axess.fr\/?page_id=1975\" class=\"more-link\">Continuer la lecture de <span class=\"screen-reader-text\">Facturation AMC<\/span><\/a><\/p>\n","protected":false},"author":1,"featured_media":0,"parent":0,"menu_order":0,"comment_status":"closed","ping_status":"closed","template":"","meta":[],"_links":{"self":[{"href":"https:\/\/prooptic.axess.fr\/index.php?rest_route=\/wp\/v2\/pages\/1975"}],"collection":[{"href":"https:\/\/prooptic.axess.fr\/index.php?rest_route=\/wp\/v2\/pages"}],"about":[{"href":"https:\/\/prooptic.axess.fr\/index.php?rest_route=\/wp\/v2\/types\/page"}],"author":[{"embeddable":true,"href":"https:\/\/prooptic.axess.fr\/index.php?rest_route=\/wp\/v2\/users\/1"}],"replies":[{"embeddable":true,"href":"https:\/\/prooptic.axess.fr\/index.php?rest_route=%2Fwp%2Fv2%2Fcomments&post=1975"}],"version-history":[{"count":0,"href":"https:\/\/prooptic.axess.fr\/index.php?rest_route=\/wp\/v2\/pages\/1975\/revisions"}],"wp:attachment":[{"href":"https:\/\/prooptic.axess.fr\/index.php?rest_route=%2Fwp%2Fv2%2Fmedia&parent=1975"}],"curies":[{"name":"wp","href":"https:\/\/api.w.org\/{rel}","templated":true}]}}