{"id":241,"date":"2015-04-23T16:33:56","date_gmt":"2015-04-23T15:33:56","guid":{"rendered":"http:\/\/localhost\/wordpress\/?page_id=241"},"modified":"2015-04-23T16:33:56","modified_gmt":"2015-04-23T15:33:56","slug":"introduction","status":"publish","type":"page","link":"https:\/\/prooptic.axess.fr\/?page_id=241","title":{"rendered":"Introduction"},"content":{"rendered":"<p style=\"text-align: justify;\">La gestion des catalogues fournisseurs est une partie importante de Prooptic V5. Ces tarifs contiennent <strong><em>toutes les r\u00e9f\u00e9rences des verres ou des lentilles<\/em><\/strong> disponibles pour un fournisseur donn\u00e9.<\/p>\n<p style=\"text-align: justify;\">L\u2019int\u00e9r\u00eat d\u2019avoir toutes les r\u00e9f\u00e9rences dans le logiciel est d\u2019<strong><em>aider \u00e0 s\u00e9lectionner le verre ou la lentille appropri\u00e9e<\/em><\/strong> lors de la vente. En fonction des corrections, une <strong><em>s\u00e9lection de verres ou de lentilles sera propos\u00e9e \u00e0 l\u2019\u00e9cran<\/em><\/strong> avec les prix correspondants. Il est possible d\u2019<strong><em>affiner cette s\u00e9lection<\/em><\/strong> en ajoutant des crit\u00e8res tels qu\u2019indice, mati\u00e8re, etc. Le prix de vente final sera calcul\u00e9 en prenant en compte les \u00e9ventuels traitements ou suppl\u00e9ments qui auront \u00e9t\u00e9 s\u00e9lectionn\u00e9s.<\/p>\n<p style=\"text-align: justify;\">Prooptic V5\u00a0donne \u00e9galement la possibilit\u00e9 d&rsquo;<strong><em>introduire ou de modifier les tarifs soi-m\u00eame<\/em><\/strong>. Cela demande un peu de travail mais pr\u00e9sente le grand avantage d&rsquo;avoir une s\u00e9lection tr\u00e8s pr\u00e9cise qui refl\u00e8te exactement l&rsquo;offre propos\u00e9e aux clients. Il est bien s\u00fbr possible de <strong><em>contr\u00f4ler et calculer soi-m\u00eame les prix \u00e0 l\u2019aide de formules ou de coefficients<\/em><\/strong> correspondant aux co\u00fbts et marges du magasin.<\/p>\n<p style=\"text-align: justify;\">Tous les tarifs sont directement consultables \u00e0 l\u2019\u00e9cran..<\/p>\n<p style=\"text-align: justify;\">Les diff\u00e9rents tarifs sont accessibles dans l&rsquo;<strong><em>onglet Tarifs<\/em><\/strong>\u00a0:<\/p>\n<ul style=\"text-align: justify;\">\n<li>Tarif des <strong><em>verres<\/em><\/strong>,<\/li>\n<li>Tarif des <strong><em>suppl\u00e9ments verres<\/em><\/strong>,<\/li>\n<li>Tarif des <strong><em>lentilles<\/em><\/strong>.<\/li>\n<\/ul>\n<p style=\"text-align: justify;\"><img decoding=\"async\" loading=\"lazy\" src=\"http:\/\/prooptic.axess.fr\/wp-content\/uploads\/2015\/04\/menu-tarifs-intro.png\" alt=\"menu-tarifs-intro\" width=\"542\" height=\"119\" \/><\/p>\n","protected":false},"excerpt":{"rendered":"<p>La gestion des catalogues fournisseurs est une partie importante de Prooptic V5. Ces tarifs contiennent toutes les r\u00e9f\u00e9rences des verres ou des lentilles disponibles pour un fournisseur donn\u00e9. L\u2019int\u00e9r\u00eat d\u2019avoir toutes les r\u00e9f\u00e9rences dans le logiciel est d\u2019aider \u00e0 s\u00e9lectionner le verre ou la lentille appropri\u00e9e lors de la vente. En fonction des corrections, une &hellip; <a href=\"https:\/\/prooptic.axess.fr\/?page_id=241\" class=\"more-link\">Continuer la lecture de <span class=\"screen-reader-text\">Introduction<\/span><\/a><\/p>\n","protected":false},"author":1,"featured_media":0,"parent":0,"menu_order":0,"comment_status":"closed","ping_status":"open","template":"","meta":[],"_links":{"self":[{"href":"https:\/\/prooptic.axess.fr\/index.php?rest_route=\/wp\/v2\/pages\/241"}],"collection":[{"href":"https:\/\/prooptic.axess.fr\/index.php?rest_route=\/wp\/v2\/pages"}],"about":[{"href":"https:\/\/prooptic.axess.fr\/index.php?rest_route=\/wp\/v2\/types\/page"}],"author":[{"embeddable":true,"href":"https:\/\/prooptic.axess.fr\/index.php?rest_route=\/wp\/v2\/users\/1"}],"replies":[{"embeddable":true,"href":"https:\/\/prooptic.axess.fr\/index.php?rest_route=%2Fwp%2Fv2%2Fcomments&post=241"}],"version-history":[{"count":0,"href":"https:\/\/prooptic.axess.fr\/index.php?rest_route=\/wp\/v2\/pages\/241\/revisions"}],"wp:attachment":[{"href":"https:\/\/prooptic.axess.fr\/index.php?rest_route=%2Fwp%2Fv2%2Fmedia&parent=241"}],"curies":[{"name":"wp","href":"https:\/\/api.w.org\/{rel}","templated":true}]}}