{"id":2445,"date":"2018-05-29T11:12:16","date_gmt":"2018-05-29T09:12:16","guid":{"rendered":"http:\/\/www.prooptic-idm.com\/wiki\/wiki15\/?page_id=2445"},"modified":"2018-05-29T11:12:16","modified_gmt":"2018-05-29T09:12:16","slug":"remise-en-banque-despeces","status":"publish","type":"page","link":"https:\/\/prooptic.axess.fr\/?page_id=2445","title":{"rendered":"Remise en banque d&rsquo;esp\u00e8ces"},"content":{"rendered":"<p style=\"text-align: justify;\">Une remise en banque d\u2019esp\u00e8ce se fait en allant dans l\u2019<strong><em>onglet Caisse<\/em><\/strong> puis l\u2019<strong><em>ic\u00f4ne Quotidien :\u00a0<br \/><\/em><\/strong><\/p>\n<p style=\"text-align: justify;\"><img decoding=\"async\" loading=\"lazy\" src=\"http:\/\/prooptic.axess.fr\/wp-content\/uploads\/2018\/05\/btn-remise-esp-1030x774.png\" alt=\"\" width=\"734\" height=\"552\" \/><\/p>\n<p style=\"text-align: justify;\">Cliquer sur le bouton <strong><em>Remise en banque des esp\u00e8ces :<br \/><\/em><\/strong><\/p>\n<p><img decoding=\"async\" loading=\"lazy\" src=\"http:\/\/prooptic.axess.fr\/wp-content\/uploads\/2018\/05\/fenetre-remise-esp.png\" alt=\"\" width=\"755\" height=\"274\" \/><\/p>\n<p style=\"text-align: justify;\">Saisissez le montant des esp\u00e8ces remis en banque et cliquer sur <strong><em>Enregistrer.<\/em><\/strong><\/p>\n<p style=\"text-align: justify;\">Le Bouton <strong><em>Remettre les esp\u00e8ces encaiss\u00e9s aujourd\u2019hui<\/em><\/strong> g\u00e9n\u00e8re une remise en banque en prenant le montant des esp\u00e8ces per\u00e7us dans la journ\u00e9e.<\/p>\n","protected":false},"excerpt":{"rendered":"<p>Une remise en banque d\u2019esp\u00e8ce se fait en allant dans l\u2019onglet Caisse puis l\u2019ic\u00f4ne Quotidien :\u00a0 Cliquer sur le bouton Remise en banque des esp\u00e8ces : Saisissez le montant des esp\u00e8ces remis en banque et cliquer sur Enregistrer. Le Bouton Remettre les esp\u00e8ces encaiss\u00e9s aujourd\u2019hui g\u00e9n\u00e8re une remise en banque en prenant le montant des &hellip; <a href=\"https:\/\/prooptic.axess.fr\/?page_id=2445\" class=\"more-link\">Continuer la lecture de <span class=\"screen-reader-text\">Remise en banque d&rsquo;esp\u00e8ces<\/span><\/a><\/p>\n","protected":false},"author":1,"featured_media":0,"parent":0,"menu_order":0,"comment_status":"closed","ping_status":"closed","template":"","meta":[],"_links":{"self":[{"href":"https:\/\/prooptic.axess.fr\/index.php?rest_route=\/wp\/v2\/pages\/2445"}],"collection":[{"href":"https:\/\/prooptic.axess.fr\/index.php?rest_route=\/wp\/v2\/pages"}],"about":[{"href":"https:\/\/prooptic.axess.fr\/index.php?rest_route=\/wp\/v2\/types\/page"}],"author":[{"embeddable":true,"href":"https:\/\/prooptic.axess.fr\/index.php?rest_route=\/wp\/v2\/users\/1"}],"replies":[{"embeddable":true,"href":"https:\/\/prooptic.axess.fr\/index.php?rest_route=%2Fwp%2Fv2%2Fcomments&post=2445"}],"version-history":[{"count":0,"href":"https:\/\/prooptic.axess.fr\/index.php?rest_route=\/wp\/v2\/pages\/2445\/revisions"}],"wp:attachment":[{"href":"https:\/\/prooptic.axess.fr\/index.php?rest_route=%2Fwp%2Fv2%2Fmedia&parent=2445"}],"curies":[{"name":"wp","href":"https:\/\/api.w.org\/{rel}","templated":true}]}}