{"id":245,"date":"2015-04-23T16:34:34","date_gmt":"2015-04-23T15:34:34","guid":{"rendered":"http:\/\/localhost\/wordpress\/?page_id=245"},"modified":"2015-04-23T16:34:34","modified_gmt":"2015-04-23T15:34:34","slug":"calcul-des-prix","status":"publish","type":"page","link":"https:\/\/prooptic.axess.fr\/?page_id=245","title":{"rendered":"Calcul des prix verres"},"content":{"rendered":"<p style=\"text-align: justify;\">Ce chapitre a pour but de pr\u00e9senter de mani\u00e8re basique le calcul des prix de vente en fonction des prix d\u2019achat.<\/p>\n<h2 style=\"text-align: justify;\">I. Cr\u00e9er des formules de calcul : verres<\/h2>\n<p>____________________________________________________________________________________________________________________________________________________<\/p>\n<p style=\"text-align: justify;\">Pour acc\u00e9der \u00e0 l\u2019\u00e9cran de saisie des formules de calcul, s\u00e9lectionner l\u2019option <strong><em>Gestion des r\u00e8gles<\/em><\/strong> du <strong><em>menu Tarif G\u00e9n\u00e9ral<\/em><\/strong> (<strong><em>onglet Tarifs<\/em><\/strong>)\u00a0:<\/p>\n<p><center><img decoding=\"async\" loading=\"lazy\" src=\"http:\/\/prooptic.axess.fr\/wp-content\/uploads\/2019\/02\/gestion-des-regles-1030x778.png\" alt=\"\" width=\"734\" height=\"554\" \/><\/center><\/p>\n<p style=\"text-align: justify;\"> L\u2019\u00e9cran suivant appara\u00eet\u00a0:<\/p>\n<p><center><img decoding=\"async\" loading=\"lazy\" src=\"http:\/\/prooptic.axess.fr\/wp-content\/uploads\/2019\/02\/LISTE-DES-REGLES-1030x778.png\" alt=\"\" width=\"734\" height=\"554\" \/><\/center><\/p>\n<p style=\"text-align: justify;\"> Cet \u00e9cran permet de <strong><em>cr\u00e9er autant de formules de calcul que n\u00e9cessaire<\/em><\/strong> en leur attribuant un nom diff\u00e9rent \u00e0 chacune. Cliquer sur le <strong><em>bouton Ajouter<\/em><\/strong> pour cr\u00e9er une nouvelle formule\u00a0:<\/p>\n<p><center><img decoding=\"async\" loading=\"lazy\" src=\"http:\/\/prooptic.axess.fr\/wp-content\/uploads\/2019\/02\/liste-des-regles-2-1030x778.png\" alt=\"\" width=\"734\" height=\"554\" \/><\/center><\/p>\n<p style=\"text-align: justify;\"> L&rsquo;\u00e9cran suivant permet de renseigner les informations concernant cette formule\u00a0:<\/p>\n<p><center><img decoding=\"async\" loading=\"lazy\" src=\"http:\/\/www.prooptic-idm.com\/wiki\/wp-content\/uploads\/sites\/3\/2015\/04\/regle-calcul.png\" alt=\"regle-calcul\" width=\"793\" height=\"774\" \/><\/center><\/p>\n<p style=\"text-align: justify;\"> Dans un premier temps, on effectue une <strong><em>s\u00e9lection des caract\u00e9ristiques du ou des verre(s)<\/em><\/strong> ainsi que le fournisseur concern\u00e9.<\/p>\n<p style=\"text-align: justify;\">Puis, dans un second temps, on <strong><em>rentre la r\u00e8gle de calcul associ\u00e9e<\/em><\/strong> suivant la base de calcul (g\u00e9n\u00e9ralement\u00a0: prix d&rsquo;achat catalogue) ainsi que le mode de calcul (g\u00e9n\u00e9ralement global, sinon d\u00e9taill\u00e9 pour cr\u00e9er des \u00ab\u00a0sous-r\u00e8gles\u00a0\u00bb)<\/p>\n<p style=\"text-align: justify;\">Enfin, on compl\u00e8te la fiche en rentrant le <strong><em>coefficient<\/em><\/strong> et les <strong><em>frais fixes<\/em><\/strong> (si n\u00e9cessaire) et valider cette r\u00e8gle en cliquant sur <strong><em>Enregistrer<\/em><\/strong>.<\/p>\n<h2 style=\"text-align: justify;\">II. Calcul des prix de vente : verres<\/h2>\n<p>____________________________________________________________________________________________________________________________________________________<\/p>\n<p style=\"text-align: justify;\">D\u00e8s lors que l\u2019on retourne sur la fiche de gestion des r\u00e8gles, il faut affecter ces derni\u00e8res aux verres concern\u00e9s.<\/p>\n<p style=\"text-align: center;\"><strong><u>ATTENTION<\/u><\/strong><\/p>\n<p style=\"text-align: center;\"><strong><u>L\u2019affectation des r\u00e8gles se fait dans l\u2019ordre de la liste\u00a0:<\/u><\/strong><\/p>\n<p style=\"text-align: justify;\">Si un m\u00eame verre r\u00e9pond \u00e0 plusieurs r\u00e8gles, celle qui lui sera attribu\u00e9e est la premi\u00e8re lui correspondant dans l\u2019ordre de la liste.<\/p>\n<p style=\"text-align: justify;\">Il est donc possible d\u2019inverser l\u2019ordre des r\u00e8gles apr\u00e8s les avoir cr\u00e9\u00e9es avec les boutons\u00a0:<\/p>\n<p><img decoding=\"async\" loading=\"lazy\" src=\"http:\/\/prooptic.axess.fr\/wp-content\/uploads\/2019\/02\/monter-descendre.png\" alt=\"\" width=\"203\" height=\"19\" \/><\/p>\n<p style=\"text-align: justify;\">S\u00e9lectionner alors<em><strong> Affectation automatique des r\u00e8gles de calcul<\/strong><\/em>\u00a0:<\/p>\n<p><center><img decoding=\"async\" loading=\"lazy\" src=\"http:\/\/prooptic.axess.fr\/wp-content\/uploads\/2019\/02\/liste-des-regles-3-1030x778.png\" alt=\"\" width=\"734\" height=\"554\" \/><\/center><\/p>\n<p style=\"text-align: justify;\"> Un \u00e9cran de s\u00e9lection du fournisseur appara\u00eet. S\u00e9lectionner alors le <strong><em>fournisseur<\/em> <\/strong>pour lequel la r\u00e8gle a \u00e9t\u00e9 cr\u00e9\u00e9e puis cliquer sur <strong><em>Lancer<\/em><\/strong>.<\/p>\n<p style=\"text-align: justify;\">Un message de r\u00e9ussite de l&rsquo;op\u00e9ration s&rsquo;affiche ensuite\u00a0:<\/p>\n<p><center><img decoding=\"async\" loading=\"lazy\" src=\"http:\/\/www.prooptic-idm.com\/wiki\/wp-content\/uploads\/sites\/3\/2015\/04\/affectation-auto-ok.png\" alt=\"affectation-auto-ok\" width=\"616\" height=\"417\" \/><\/center><\/p>\n<p style=\"text-align: justify;\"> Revenir sur l&rsquo;\u00e9cran principal des tarifs et cliquer sur <strong><em>Calcul des prix de vente<\/em><\/strong>\u00a0:<\/p>\n<p><center><img decoding=\"async\" loading=\"lazy\" src=\"http:\/\/prooptic.axess.fr\/wp-content\/uploads\/2019\/02\/gestion-des-tarifs-1030x778.png\" alt=\"\" width=\"734\" height=\"554\" \/><\/center><\/p>\n<p style=\"text-align: justify;\">Une fen\u00eatre appara\u00eet permettant de s\u00e9lectionner le fournisseur, une s\u00e9lection pr\u00e9cise de verres (si n\u00e9cessaire), l\u2019arrondi et plusieurs options.<\/p>\n<p style=\"text-align: justify;\">Par d\u00e9faut, l\u2019option <img decoding=\"async\" loading=\"lazy\" src=\"http:\/\/prooptic.axess.fr\/wp-content\/uploads\/2019\/02\/activer-les-prix-calcules.png\" alt=\"\" width=\"135\" height=\"17\" \/>\u00a0est coch\u00e9e ce qui signifie que les prix calcul\u00e9s seront actifs \u00e0 l\u2019issu du calcul.<\/p>\n<p style=\"text-align: justify;\">Il est possible de d\u00e9cocher cette option afin que le calcul ne mette \u00e0 jour uniquement le <strong><em>prix de vente calcul\u00e9<\/em><\/strong><\/p>\n<p style=\"text-align: justify;\">sans impacter le <strong><em>prix de vente actif.<\/em><\/strong><\/p>\n<p style=\"text-align: justify;\">Cela permet d\u2019essayer diff\u00e9rentes r\u00e8gles de calcul sans modifier le prix de vente actuel.<\/p>\n<p style=\"text-align: justify;\">Le <strong><em>prix de vente actif<\/em><\/strong> \u00e9tant celui qui appara\u00eet lorsque que l\u2019on fait une fiche lunette.<\/p>\n<p style=\"text-align: justify;\">Cliquer sur <em><strong>Lancer<\/strong><\/em>.<\/p>\n<p style=\"text-align: justify;\">L\u2019op\u00e9ration d\u2019application des tarifs se met alors en place (ceci peut prendre quelques minutes)\u00a0:<\/p>\n<p><center>\u00a0<\/center><\/p>\n<p>Une fois le calcul termin\u00e9, le <strong><em>prix de vente calcul\u00e9<\/em><\/strong> est mis \u00e0 jour.<img decoding=\"async\" loading=\"lazy\" src=\"http:\/\/prooptic.axess.fr\/wp-content\/uploads\/2019\/02\/calcul-des-prix.png\" alt=\"\" width=\"726\" height=\"508\" \/><\/p>\n<p style=\"text-align: justify;\">Si\u00a0 <img decoding=\"async\" loading=\"lazy\" src=\"http:\/\/prooptic.axess.fr\/wp-content\/uploads\/2019\/02\/activer-les-prix-calcules-1.png\" alt=\"\" width=\"135\" height=\"17\" \/>\u00a0a \u00e9t\u00e9 coch\u00e9, le <strong><em>prix de vente Actif<\/em><\/strong> est \u00e9galement mis \u00e0 jour.<\/p>\n<p style=\"text-align: justify;\">\u00a0<\/p>\n<p><center><img decoding=\"async\" loading=\"lazy\" src=\"http:\/\/prooptic.axess.fr\/wp-content\/uploads\/2019\/02\/affichage-prix-1030x778.png\" alt=\"\" width=\"734\" height=\"554\" \/><\/center><\/p>\n<h2>III. Appliquer un tarif manuel<br \/><\/h2>\n<p>____________________________________________________________________________________________________________________________________________________<\/p>\n<p>Il est \u00e9galement possible de d\u2019appliquer un prix manuellement pour un ou un ensemble de verres.<\/p>\n<p>Pour cela s\u00e9lectionner le ou les verres concern\u00e9s et cliquer sur \u00a0<img decoding=\"async\" loading=\"lazy\" src=\"http:\/\/prooptic.axess.fr\/wp-content\/uploads\/2019\/02\/bouton-apopliquer-un-prux-unique.png\" alt=\"\" width=\"107\" height=\"51\" \/>.<\/p>\n<p><img decoding=\"async\" loading=\"lazy\" src=\"http:\/\/prooptic.axess.fr\/wp-content\/uploads\/2019\/02\/tarif-manuel-1030x778.png\" alt=\"\" width=\"734\" height=\"554\" \/><\/p>\n<p>Saisir le prix \u00e0 Valider.<\/p>\n<p><img decoding=\"async\" loading=\"lazy\" src=\"http:\/\/prooptic.axess.fr\/wp-content\/uploads\/2019\/02\/activer-les-prix-calcules-1.png\" alt=\"\" width=\"135\" height=\"17\" \/>\u00a0signifie que ce prix sera actif d\u00e8s la validation.<\/p>\n<p><img decoding=\"async\" loading=\"lazy\" src=\"http:\/\/prooptic.axess.fr\/wp-content\/uploads\/2019\/02\/exclure-ce-verre.png\" alt=\"\" width=\"332\" height=\"17\" \/> signifie que ce ou ces verres ne seront plus mis \u00e0 jour<\/p>\n<p>par un \u00e9ventuel recalcul des prix dans le cas ou ces verres appartiendrait \u00e9galement \u00e0 une r\u00e8gle de calcul.<\/p>\n<p>Ces verres seront affect\u00e9s \u00e0 la r\u00e8gle <strong>-1<\/strong> (verre dont le prix a \u00e9t\u00e9 d\u00e9fini manuellement).<\/p>\n<p><strong>\u00a0<\/strong><img decoding=\"async\" loading=\"lazy\" src=\"http:\/\/prooptic.axess.fr\/wp-content\/uploads\/2019\/02\/prix-unique.png\" alt=\"\" width=\"551\" height=\"193\" \/><\/p>\n<h2>IV. Tarification des suppl\u00e9ments<br \/><\/h2>\n<p>____________________________________________________________________________________________________________________________________________________<\/p>\n<p>La tarification des suppl\u00e9ments fonctionne sur le m\u00eame principe que celle des verres.<\/p>\n<p>Pour acc\u00e9der \u00e0 l\u2019\u00e9cran de saisie des formules de calcul, s\u00e9lectionner l\u2019option <em><strong>Gestion des r\u00e8gles<\/strong><\/em> du <em><strong>menu Suppl\u00e9ments<\/strong><\/em> (<em><strong>onglet Tarifs<\/strong><\/em>)\u00a0:<\/p>\n<p><img decoding=\"async\" loading=\"lazy\" src=\"http:\/\/prooptic.axess.fr\/wp-content\/uploads\/2019\/02\/supplements-1-1030x778.png\" alt=\"\" width=\"734\" height=\"554\" \/><\/p>\n<p>Cliquer sur le <em><strong>bouton Ajouter<\/strong><\/em> pour cr\u00e9er une nouvelle formule\u00a0:<\/p>\n<p><img decoding=\"async\" loading=\"lazy\" src=\"http:\/\/prooptic.axess.fr\/wp-content\/uploads\/2019\/02\/supplements-2.png\" alt=\"\" width=\"520\" height=\"715\" \/><\/p>\n<p>Donner un nom \u00e0 cette r\u00e8gle.<\/p>\n<p>Sp\u00e9cifier \u00e0 quel fournisseur et quel type de suppl\u00e9ment cette r\u00e8gle s\u2019applique<\/p>\n<p>Renseigner le coefficient et les frais fixes \u00e0 appliquer et <strong><em>Valider<\/em><\/strong><\/p>\n<p><img decoding=\"async\" loading=\"lazy\" src=\"http:\/\/prooptic.axess.fr\/wp-content\/uploads\/2019\/02\/regle_supp.png\" alt=\"\" width=\"764\" height=\"290\" \/><\/p>\n<p>Apr\u00e8s avoir cr\u00e9\u00e9 les r\u00e8gles, cliquer sur <strong><em>Affectation automatique des r\u00e8gles de calcul<\/em><\/strong><\/p>\n<p><img decoding=\"async\" loading=\"lazy\" src=\"http:\/\/prooptic.axess.fr\/wp-content\/uploads\/2019\/02\/supplements-3.png\" alt=\"\" width=\"520\" height=\"715\" \/><\/p>\n<p>S\u00e9lectionner le fournisseur pour lequel on calcul le prix des suppl\u00e9ments, sp\u00e9cifier le type d\u2019arrondi, cocher la<\/p>\n<p>case <strong><em>Activer les prix calcul\u00e9s <\/em><\/strong>afin que les prix calcul\u00e9s soit actifs.et cliquer sur <strong><em>Lancer.<\/em><\/strong><\/p>\n<p><img decoding=\"async\" loading=\"lazy\" src=\"http:\/\/prooptic.axess.fr\/wp-content\/uploads\/2019\/02\/supplements-4.png\" alt=\"\" width=\"702\" height=\"434\" \/><\/p>\n<p>A l\u2019issu du calcul, le prix des suppl\u00e9ments est mis \u00e0 jour.<\/p>\n<p><img decoding=\"async\" loading=\"lazy\" src=\"http:\/\/prooptic.axess.fr\/wp-content\/uploads\/2019\/02\/affectation-terminee.png\" alt=\"\" width=\"612\" height=\"416\" \/><\/p>\n<p>Il est \u00e9galement possible de d\u00e9finir manuellement un tarif pour un suppl\u00e9ment en double cliquant dans la colonne <strong><em>PV Actif<\/em><\/strong> du suppl\u00e9ment. Saisir le prix et cliquer sur <strong><em>Enregistrer<\/em><\/strong>.<\/p>\n<p><img decoding=\"async\" loading=\"lazy\" src=\"http:\/\/prooptic.axess.fr\/wp-content\/uploads\/2019\/02\/supplements-6-1030x778.png\" alt=\"\" width=\"734\" height=\"554\" \/><\/p>\n","protected":false},"excerpt":{"rendered":"<p>Ce chapitre a pour but de pr\u00e9senter de mani\u00e8re basique le calcul des prix de vente en fonction des prix d\u2019achat. I. Cr\u00e9er des formules de calcul : verres ____________________________________________________________________________________________________________________________________________________ Pour acc\u00e9der \u00e0 l\u2019\u00e9cran de saisie des formules de calcul, s\u00e9lectionner l\u2019option Gestion des r\u00e8gles du menu Tarif G\u00e9n\u00e9ral (onglet Tarifs)\u00a0: L\u2019\u00e9cran suivant appara\u00eet\u00a0: Cet &hellip; <a href=\"https:\/\/prooptic.axess.fr\/?page_id=245\" class=\"more-link\">Continuer la lecture de <span class=\"screen-reader-text\">Calcul des prix verres<\/span><\/a><\/p>\n","protected":false},"author":1,"featured_media":0,"parent":0,"menu_order":0,"comment_status":"closed","ping_status":"open","template":"","meta":[],"_links":{"self":[{"href":"https:\/\/prooptic.axess.fr\/index.php?rest_route=\/wp\/v2\/pages\/245"}],"collection":[{"href":"https:\/\/prooptic.axess.fr\/index.php?rest_route=\/wp\/v2\/pages"}],"about":[{"href":"https:\/\/prooptic.axess.fr\/index.php?rest_route=\/wp\/v2\/types\/page"}],"author":[{"embeddable":true,"href":"https:\/\/prooptic.axess.fr\/index.php?rest_route=\/wp\/v2\/users\/1"}],"replies":[{"embeddable":true,"href":"https:\/\/prooptic.axess.fr\/index.php?rest_route=%2Fwp%2Fv2%2Fcomments&post=245"}],"version-history":[{"count":0,"href":"https:\/\/prooptic.axess.fr\/index.php?rest_route=\/wp\/v2\/pages\/245\/revisions"}],"wp:attachment":[{"href":"https:\/\/prooptic.axess.fr\/index.php?rest_route=%2Fwp%2Fv2%2Fmedia&parent=245"}],"curies":[{"name":"wp","href":"https:\/\/api.w.org\/{rel}","templated":true}]}}