{"id":272,"date":"2015-04-23T16:42:36","date_gmt":"2015-04-23T15:42:36","guid":{"rendered":"http:\/\/localhost\/wordpress\/?page_id=272"},"modified":"2015-04-23T16:42:36","modified_gmt":"2015-04-23T15:42:36","slug":"opsysweb","status":"publish","type":"page","link":"https:\/\/prooptic.axess.fr\/?page_id=272","title":{"rendered":"Opsysweb"},"content":{"rendered":"<p style=\"text-align: justify;\">Le module OpsysWeb permet d&rsquo;envoyer toutes les <b>donn\u00e9es client et optique\u00a0<\/b>d&rsquo;un dossier \u00e0 la plateforme\u00a0OpsysWeb. Ensuite, vous pouvez optimiser, palper ou changer de verres dans OpsysWeb. Une fois toutes les op\u00e9rations termin\u00e9es, il ne vous reste plus qu&rsquo;\u00e0 compl\u00e9ter\u00a0et sauvegarder le dossier dans OpsysWeb. Prooptic V5\u00a0vous propose alors de <b>r\u00e9cup\u00e9rer toutes les informations<\/b> n\u00e9cessaires \u00e0 la commande des verres s\u00e9lectionn\u00e9s. Vous gagnez du temps en ne saisissant qu&rsquo;une seul fois les informations et vous n&rsquo;utilisez plus qu&rsquo;un seul logiciel pour passer et g\u00e9rer vos commandes verres.<\/p>\n<p>L&rsquo;envoi des informations vers OpsyWeb se fait \u00e0 partir de l&rsquo;<strong><em>onglet Commande<\/em><\/strong> dans un <strong><em>dossier client<\/em><\/strong> puis <strong><em>Envoi<\/em> <\/strong>:<\/p>\n<p style=\"text-align: justify;\"><img decoding=\"async\" loading=\"lazy\" src=\"http:\/\/prooptic.axess.fr\/wp-content\/uploads\/2015\/04\/menu-opsysweb.png\" alt=\"menu-opsysweb\" width=\"800\" height=\"749\" \/><\/p>\n<p style=\"text-align: justify;\">\u00a0<\/p>\n","protected":false},"excerpt":{"rendered":"<p>Le module OpsysWeb permet d&rsquo;envoyer toutes les donn\u00e9es client et optique\u00a0d&rsquo;un dossier \u00e0 la plateforme\u00a0OpsysWeb. Ensuite, vous pouvez optimiser, palper ou changer de verres dans OpsysWeb. Une fois toutes les op\u00e9rations termin\u00e9es, il ne vous reste plus qu&rsquo;\u00e0 compl\u00e9ter\u00a0et sauvegarder le dossier dans OpsysWeb. Prooptic V5\u00a0vous propose alors de r\u00e9cup\u00e9rer toutes les informations n\u00e9cessaires \u00e0 &hellip; <a href=\"https:\/\/prooptic.axess.fr\/?page_id=272\" class=\"more-link\">Continuer la lecture de <span class=\"screen-reader-text\">Opsysweb<\/span><\/a><\/p>\n","protected":false},"author":1,"featured_media":0,"parent":0,"menu_order":0,"comment_status":"closed","ping_status":"open","template":"","meta":[],"_links":{"self":[{"href":"https:\/\/prooptic.axess.fr\/index.php?rest_route=\/wp\/v2\/pages\/272"}],"collection":[{"href":"https:\/\/prooptic.axess.fr\/index.php?rest_route=\/wp\/v2\/pages"}],"about":[{"href":"https:\/\/prooptic.axess.fr\/index.php?rest_route=\/wp\/v2\/types\/page"}],"author":[{"embeddable":true,"href":"https:\/\/prooptic.axess.fr\/index.php?rest_route=\/wp\/v2\/users\/1"}],"replies":[{"embeddable":true,"href":"https:\/\/prooptic.axess.fr\/index.php?rest_route=%2Fwp%2Fv2%2Fcomments&post=272"}],"version-history":[{"count":0,"href":"https:\/\/prooptic.axess.fr\/index.php?rest_route=\/wp\/v2\/pages\/272\/revisions"}],"wp:attachment":[{"href":"https:\/\/prooptic.axess.fr\/index.php?rest_route=%2Fwp%2Fv2%2Fmedia&parent=272"}],"curies":[{"name":"wp","href":"https:\/\/api.w.org\/{rel}","templated":true}]}}