{"id":3255,"date":"2020-01-13T16:15:04","date_gmt":"2020-01-13T15:15:04","guid":{"rendered":"http:\/\/www.prooptic-idm.com\/wiki\/wiki15\/?page_id=3255"},"modified":"2020-01-13T16:15:04","modified_gmt":"2020-01-13T15:15:04","slug":"ajout-de-catalogue-edi-manuellement","status":"publish","type":"page","link":"https:\/\/prooptic.axess.fr\/?page_id=3255","title":{"rendered":"Ajout de catalogue EDI manuellement"},"content":{"rendered":"<p style=\"text-align: justify;\">Vous avez re\u00e7u un catalogue verre par mail de votre fournisseur, vous pouvez l\u2019int\u00e9grer manuellement dans Prooptic. Pour cela, enregistrer la pi\u00e8ce jointe envoy\u00e9e par le fabricant sur le bureau de votre ordinateur. Ce sera probablement un fichier compress\u00e9 (zip). Vous devrez le d\u00e9compresser en faisant un clic droit sur le fichier et vous s\u00e9lectionnerez avec le clic gauche \u00ab\u00a0Extraire tout\u00a0\u00bb.<\/p>\n<p style=\"text-align: justify;\"><strong>Allez ensuite dans Edi \/ Catalogue \/ Ajouter :<\/strong><\/p>\n<p style=\"text-align: justify;\"><strong>1 : Indiquer le code E.D.I. de votre fournisseur :<\/strong> BBG = BBGR, CZV = CARL ZEISS, ESS = ESSILOR, HOY = HOYA, KOP = KOPTICAL, OPH = OPHTALMIC, MEG = MEGA OPTIC, MRO = MONT-ROYAL OPHTALMIQUE, NOV = NOVACEL, OSF = OPTISWISS, OPT = OPTOVISION, ROD = RODENSTOCK, SEI = SEIKO OPTICAL, ALF = SHAMIR, SUP = SUPERVISION, VER = VERBAL pour les principaux verriers.<\/p>\n<p style=\"text-align: justify;\"><strong>2 : Indiquer le nom du catalogue :<\/strong> par exemple \u00ab\u00a0VERBAL 2020 ENVOYE PAR EMAIL\u00a0\u00bb<\/p>\n<p style=\"text-align: justify;\"><img decoding=\"async\" loading=\"lazy\" src=\"http:\/\/prooptic.axess.fr\/wp-content\/uploads\/2020\/01\/fenetre-ajout-cat-edi-manuel.png\" alt=\"\" width=\"1023\" height=\"857\" \/><\/p>\n<p style=\"text-align: justify;\"><strong>3\u00a0: S\u00e9lectionner le fichier enregistr\u00e9<\/strong> en utilisant le bouton suivant\u00a0:<\/p>\n<p style=\"text-align: justify;\"><img decoding=\"async\" loading=\"lazy\" src=\"http:\/\/prooptic.axess.fr\/wp-content\/uploads\/2020\/01\/recherche_cat_fichier.png\" alt=\"\" width=\"290\" height=\"150\" \/><\/p>\n<p style=\"text-align: justify;\">Attention, bien choisir en bas \u00e0 droite tous les fichiers <strong>(All Files)<\/strong> et ensuite s\u00e9lectionner le fichier correspondant.<\/p>\n<p style=\"text-align: justify;\"><img decoding=\"async\" loading=\"lazy\" src=\"http:\/\/prooptic.axess.fr\/wp-content\/uploads\/2020\/01\/selection_fichier_cat.png\" alt=\"\" width=\"699\" height=\"394\" \/><\/p>\n<p style=\"text-align: justify;\">Vous obtiendrez cet affichage\u00a0:<\/p>\n<p style=\"text-align: justify;\"><img decoding=\"async\" loading=\"lazy\" src=\"http:\/\/prooptic.axess.fr\/wp-content\/uploads\/2020\/01\/affichage_cat_manuel.png\" alt=\"\" width=\"688\" height=\"225\" \/><\/p>\n<p style=\"text-align: justify;\">Vous n\u2019aurez plus qu\u2019\u00e0 cliquer sur le bouton <strong>Valider<\/strong>.<\/p>\n<p style=\"text-align: justify;\">Vous s\u00e9lectionnerez ensuite le catalogue et cliquerez sur le bouton <strong>\u00ab\u00a0Traduire les catalogues\u00a0\u00bb<\/strong><\/p>\n<p style=\"text-align: justify;\"><img decoding=\"async\" loading=\"lazy\" src=\"http:\/\/prooptic.axess.fr\/wp-content\/uploads\/2020\/01\/selection_cat_trad.png\" alt=\"\" width=\"1020\" height=\"771\" \/><\/p>\n<p style=\"text-align: justify;\">La traduction du catalogue met de 30min sur une machine actuelle \u00e0 plusieurs heures en fonction du fabricant.<\/p>\n","protected":false},"excerpt":{"rendered":"<p>Vous avez re\u00e7u un catalogue verre par mail de votre fournisseur, vous pouvez l\u2019int\u00e9grer manuellement dans Prooptic. Pour cela, enregistrer la pi\u00e8ce jointe envoy\u00e9e par le fabricant sur le bureau de votre ordinateur. Ce sera probablement un fichier compress\u00e9 (zip). Vous devrez le d\u00e9compresser en faisant un clic droit sur le fichier et vous s\u00e9lectionnerez &hellip; <a href=\"https:\/\/prooptic.axess.fr\/?page_id=3255\" class=\"more-link\">Continuer la lecture de <span class=\"screen-reader-text\">Ajout de catalogue EDI manuellement<\/span><\/a><\/p>\n","protected":false},"author":1,"featured_media":0,"parent":0,"menu_order":0,"comment_status":"closed","ping_status":"closed","template":"","meta":[],"_links":{"self":[{"href":"https:\/\/prooptic.axess.fr\/index.php?rest_route=\/wp\/v2\/pages\/3255"}],"collection":[{"href":"https:\/\/prooptic.axess.fr\/index.php?rest_route=\/wp\/v2\/pages"}],"about":[{"href":"https:\/\/prooptic.axess.fr\/index.php?rest_route=\/wp\/v2\/types\/page"}],"author":[{"embeddable":true,"href":"https:\/\/prooptic.axess.fr\/index.php?rest_route=\/wp\/v2\/users\/1"}],"replies":[{"embeddable":true,"href":"https:\/\/prooptic.axess.fr\/index.php?rest_route=%2Fwp%2Fv2%2Fcomments&post=3255"}],"version-history":[{"count":0,"href":"https:\/\/prooptic.axess.fr\/index.php?rest_route=\/wp\/v2\/pages\/3255\/revisions"}],"wp:attachment":[{"href":"https:\/\/prooptic.axess.fr\/index.php?rest_route=%2Fwp%2Fv2%2Fmedia&parent=3255"}],"curies":[{"name":"wp","href":"https:\/\/api.w.org\/{rel}","templated":true}]}}