{"id":3981,"date":"2020-10-05T14:00:53","date_gmt":"2020-10-05T13:00:53","guid":{"rendered":"http:\/\/www.prooptic-idm.com\/wiki\/wiki15\/?page_id=3981"},"modified":"2023-05-15T14:28:54","modified_gmt":"2023-05-15T12:28:54","slug":"facturation-lunette","status":"publish","type":"page","link":"https:\/\/prooptic.axess.fr\/?page_id=3981","title":{"rendered":"Facturation lunette"},"content":{"rendered":"<h2>I. Saisie des remboursements s\u00e9curit\u00e9 sociale et mutuelles<\/h2>\n<p>Dans l\u2019<em><strong>onglet \u00ab\u00a0S\u00e9curit\u00e9 sociale \/ Mutuelle\u00a0\u00bb<\/strong><\/em>, on peut :<br \/>\n-visualiser les codes LPP correspondants si besoin,<br \/>\n-recalculer le taux s\u00e9curit\u00e9 sociale<br \/>\n-saisir les montants rembours\u00e9s par les mutuelles (appliquer le 100% sant\u00e9 si classe A).<\/p>\n<p>Pour saisir les montants mutuelle(s), il faudra cliquer sur le bouton <img decoding=\"async\" loading=\"lazy\" src=\"http:\/\/prooptic.axess.fr\/wp-content\/uploads\/2020\/10\/Saisie-des-montants-rembourses-par-les-AMC.png\" alt=\"\" width=\"121\" height=\"60\" \/> en bas au milieu de l\u2019\u00e9cran\u00a0sur l\u2019onglet \u00ab\u00a0s\u00e9curit\u00e9 sociale mutuelle\u00a0\u00bb :<\/p>\n<p><img decoding=\"async\" loading=\"lazy\" src=\"http:\/\/prooptic.axess.fr\/wp-content\/uploads\/2020\/10\/Bouton-saisie-des-montants.png\" alt=\"\" width=\"976\" height=\"730\" \/><\/p>\n<p>Et soit rentrer manuellement les montants ou forfait pris en charge par la ou les mutuelles ou faire appliquer l\u2019offre 100 % sant\u00e9 pour les \u00e9l\u00e9ments de classe A.<\/p>\n<p><img decoding=\"async\" loading=\"lazy\" src=\"http:\/\/prooptic.axess.fr\/wp-content\/uploads\/2020\/10\/Appliquer-le-100-sante.png\" alt=\"\" width=\"943\" height=\"572\" \/><\/p>\n<p>Si vous avez mix\u00e9 la classe A avec la classe B, par exemple monture de classe B avec des verres de classe A, vous pourrez faire \u00ab\u00a0Appliquez l\u2019offre 100% sant\u00e9\u00a0\u00bb juste sur les verres et remplir manuellement si il y a une prise en charge de la mutuelle sur la monture.<\/p>\n<p>Attention, le contrat de la mutuelle du client doit \u00eatre dit \u00ab\u00a0responsable\u00a0\u00bb pour que la prise en charge du 100% sant\u00e9 fonctionne.<\/p>\n<h2>II. Facturation<\/h2>\n<p>Lorsque tous les \u00e9l\u00e9ments ont \u00e9t\u00e9 v\u00e9rifi\u00e9s, on peut alors passer \u00e0 la facturation en cliquant sur le\u00a0<strong><em>bouton Facture<\/em><\/strong>\u00a0:<\/p>\n<p><img decoding=\"async\" loading=\"lazy\" src=\"http:\/\/prooptic.axess.fr\/wp-content\/uploads\/2020\/10\/Bouton-facture.png\" alt=\"\" width=\"1015\" height=\"591\" \/><\/p>\n<p>Sur l\u2019\u00e9cran de facturation apparaissent plusieurs options\u00a0:<\/p>\n<p><img decoding=\"async\" loading=\"lazy\" src=\"http:\/\/prooptic.axess.fr\/wp-content\/uploads\/2020\/10\/Facturation.png\" alt=\"\" width=\"1008\" height=\"587\" \/><\/p>\n<ul>\n<li>Choisir de faire le\u00a0<strong><em>tiers-payant ou non<\/em><\/strong><\/li>\n<li><strong><em>T\u00e9l\u00e9transmettre ou non<\/em><\/strong><\/li>\n<li>Choisir les\u00a0<strong><em>d\u00e9tails \u00e0 afficher <\/em><\/strong>sur la facture<\/li>\n<\/ul>\n<p><strong><em>Remarque\u00a0<\/em><\/strong>: la\u00a0<strong><em>ligne de caisse est cr\u00e9\u00e9e au moment de la facturation<\/em><\/strong><\/p>\n<p>Enfin, la\u00a0<strong><em>ligne de la fiche technique est soulign\u00e9e en rouge<\/em><\/strong>\u00a0pour signaler que la facture a \u00e9t\u00e9 g\u00e9n\u00e9r\u00e9e et que ses \u00e9l\u00e9ments ne sont plus modifiables. Un\u00a0<strong><em>feu rouge<\/em><\/strong>\u00a0est \u00e9galement apparu\u00a0<strong><em>en caisse<\/em><\/strong>\u00a0pour signaler que le\u00a0<strong><em>d\u00fb client et les parts de tiers-payant<\/em><\/strong>\u00a0sont g\u00e9n\u00e9r\u00e9s\u00a0:<\/p>\n<p><img decoding=\"async\" loading=\"lazy\" src=\"http:\/\/prooptic.axess.fr\/wp-content\/uploads\/2020\/10\/du-caisse-n-fact.png\" alt=\"\" width=\"943\" height=\"712\" \/><\/p>\n","protected":false},"excerpt":{"rendered":"<p>I. Saisie des remboursements s\u00e9curit\u00e9 sociale et mutuelles Dans l\u2019onglet \u00ab\u00a0S\u00e9curit\u00e9 sociale \/ Mutuelle\u00a0\u00bb, on peut : -visualiser les codes LPP correspondants si besoin, -recalculer le taux s\u00e9curit\u00e9 sociale -saisir les montants rembours\u00e9s par les mutuelles (appliquer le 100% sant\u00e9 si classe A). Pour saisir les montants mutuelle(s), il faudra cliquer sur le bouton en &hellip; <a href=\"https:\/\/prooptic.axess.fr\/?page_id=3981\" class=\"more-link\">Continuer la lecture de <span class=\"screen-reader-text\">Facturation lunette<\/span><\/a><\/p>\n","protected":false},"author":1,"featured_media":0,"parent":0,"menu_order":0,"comment_status":"closed","ping_status":"closed","template":"","meta":[],"_links":{"self":[{"href":"https:\/\/prooptic.axess.fr\/index.php?rest_route=\/wp\/v2\/pages\/3981"}],"collection":[{"href":"https:\/\/prooptic.axess.fr\/index.php?rest_route=\/wp\/v2\/pages"}],"about":[{"href":"https:\/\/prooptic.axess.fr\/index.php?rest_route=\/wp\/v2\/types\/page"}],"author":[{"embeddable":true,"href":"https:\/\/prooptic.axess.fr\/index.php?rest_route=\/wp\/v2\/users\/1"}],"replies":[{"embeddable":true,"href":"https:\/\/prooptic.axess.fr\/index.php?rest_route=%2Fwp%2Fv2%2Fcomments&post=3981"}],"version-history":[{"count":3,"href":"https:\/\/prooptic.axess.fr\/index.php?rest_route=\/wp\/v2\/pages\/3981\/revisions"}],"predecessor-version":[{"id":4681,"href":"https:\/\/prooptic.axess.fr\/index.php?rest_route=\/wp\/v2\/pages\/3981\/revisions\/4681"}],"wp:attachment":[{"href":"https:\/\/prooptic.axess.fr\/index.php?rest_route=%2Fwp%2Fv2%2Fmedia&parent=3981"}],"curies":[{"name":"wp","href":"https:\/\/api.w.org\/{rel}","templated":true}]}}