{"id":4153,"date":"2021-02-04T11:17:53","date_gmt":"2021-02-04T10:17:53","guid":{"rendered":"http:\/\/www.prooptic-idm.com\/wiki\/wiki15\/?page_id=4153"},"modified":"2021-02-04T11:17:53","modified_gmt":"2021-02-04T10:17:53","slug":"changer-adresse-de-facturation","status":"publish","type":"page","link":"https:\/\/prooptic.axess.fr\/?page_id=4153","title":{"rendered":"Changer adresse de facturation"},"content":{"rendered":"<p>Il est possible d&rsquo;\u00e9tablir un dossier \u00e0 un client et ensuite de changer l&rsquo;adresse de facturation.<\/p>\n<p>Par exemple, pour des lunettes de protection, \u00e9tablir le dossier sur l&rsquo;identit\u00e9 client et ensuite facturer le dossier \u00e0 son employeur.<\/p>\n<p>Il est possible de changer l&rsquo;adresse de facturation \u00e0 partir de 2 endroits :\u00a0<br \/><strong>*<\/strong> dans l&rsquo;onglet Caisse d&rsquo;un dossier client<br \/><img decoding=\"async\" loading=\"lazy\" src=\"http:\/\/www.prooptic-idm.com\/wiki\/audio\/wp-content\/uploads\/sites\/4\/2021\/02\/2-Caisse-identit\u00e9-patient-changer-adresse-700x334.png\" alt=\"\" width=\"700\" height=\"334\" \/><br \/><strong>*<\/strong> \u00e0 partir de la liste des d\u00fbs clients accessibles dans le menu Quotidien<br \/><img decoding=\"async\" loading=\"lazy\" src=\"http:\/\/www.prooptic-idm.com\/wiki\/audio\/wp-content\/uploads\/sites\/4\/2021\/02\/1-Quotidien-dus-clients.png\" alt=\"\" width=\"276\" height=\"129\" \/><br \/><img decoding=\"async\" loading=\"lazy\" src=\"http:\/\/www.prooptic-idm.com\/wiki\/audio\/wp-content\/uploads\/sites\/4\/2021\/02\/2bis-Dus-clients-changer-adresse-700x388.png\" alt=\"\" width=\"700\" height=\"388\" \/><\/p>\n<p>Lorsque vous cliquez sur le bouton Changer l&rsquo;adresse de facturation, un message vous demande si vous confirmer vouloir changer l&rsquo;adresse :\u00a0<br \/><img decoding=\"async\" loading=\"lazy\" src=\"http:\/\/www.prooptic-idm.com\/wiki\/audio\/wp-content\/uploads\/sites\/4\/2021\/02\/Bouton-changer-ladresse-de-facturation.png\" alt=\"\" width=\"137\" height=\"47\" \/><br \/><img decoding=\"async\" loading=\"lazy\" src=\"http:\/\/www.prooptic-idm.com\/wiki\/audio\/wp-content\/uploads\/sites\/4\/2021\/02\/3-Confirmez-vous-changement.png\" alt=\"\" width=\"410\" height=\"146\" \/><\/p>\n<p>Vous pouvez ensuite noter la nouvelle adresse de facturation (celle de l&rsquo;entreprise par exemple, si l&rsquo;\u00e9quipement est pris en charge par l&#8217;employeur) :<br \/><img decoding=\"async\" loading=\"lazy\" src=\"http:\/\/www.prooptic-idm.com\/wiki\/audio\/wp-content\/uploads\/sites\/4\/2021\/02\/4-Saisie-de-ladresse-de-facturation.png\" alt=\"\" width=\"550\" height=\"239\" \/><\/p>\n<p>Une fois la nouvelle adresse renseign\u00e9e, une indication \u00ab\u00a0Factur\u00e9 \u00e0 &#8230;\u00a0\u00bb apparait en rouge.<br \/><img decoding=\"async\" loading=\"lazy\" src=\"http:\/\/www.prooptic-idm.com\/wiki\/audio\/wp-content\/uploads\/sites\/4\/2021\/02\/5-Indication-factur\u00e9-\u00e0-...-Imp-fact-700x354.png\" alt=\"\" width=\"700\" height=\"354\" \/><br \/><strong>Nous sommes donc toujours sur l&rsquo;identit\u00e9 et le dossier du client mais la facture est adress\u00e9e \u00e0 quelqu&rsquo;un d&rsquo;autre.<\/strong><\/p>\n<p>Vous pouvez donc imprimer la facture avec la nouvelle adresse :<br \/><img decoding=\"async\" loading=\"lazy\" src=\"http:\/\/www.prooptic-idm.com\/wiki\/audio\/wp-content\/uploads\/sites\/4\/2021\/02\/6-Imp-facture-choix-NON-pour-fact-nouvelle-adresse-700x335.png\" alt=\"\" width=\"700\" height=\"335\" \/><br \/>Choisir NON pour imprimer la facture dites \u00ab\u00a0de caisse\u00a0\u00bb pour pouvoir visualiser celle- ci avec l&rsquo;adresse da facturation modifi\u00e9e et non celle du client.<\/p>\n<p><img decoding=\"async\" loading=\"lazy\" src=\"http:\/\/www.prooptic-idm.com\/wiki\/audio\/wp-content\/uploads\/sites\/4\/2021\/02\/7-Facture-avec-lindication-nom-patient-et-adresse-entreprise-700x189.png\" alt=\"\" width=\"700\" height=\"189\" \/><br \/>Vous avez donc la facture au nom du patient mais adress\u00e9e \u00e0 son entreprise (payeur) par exemple.<\/p>\n","protected":false},"excerpt":{"rendered":"<p>Il est possible d&rsquo;\u00e9tablir un dossier \u00e0 un client et ensuite de changer l&rsquo;adresse de facturation. Par exemple, pour des lunettes de protection, \u00e9tablir le dossier sur l&rsquo;identit\u00e9 client et ensuite facturer le dossier \u00e0 son employeur. Il est possible de changer l&rsquo;adresse de facturation \u00e0 partir de 2 endroits :\u00a0* dans l&rsquo;onglet Caisse d&rsquo;un &hellip; <a href=\"https:\/\/prooptic.axess.fr\/?page_id=4153\" class=\"more-link\">Continuer la lecture de <span class=\"screen-reader-text\">Changer adresse de facturation<\/span><\/a><\/p>\n","protected":false},"author":1,"featured_media":0,"parent":0,"menu_order":0,"comment_status":"closed","ping_status":"closed","template":"","meta":[],"_links":{"self":[{"href":"https:\/\/prooptic.axess.fr\/index.php?rest_route=\/wp\/v2\/pages\/4153"}],"collection":[{"href":"https:\/\/prooptic.axess.fr\/index.php?rest_route=\/wp\/v2\/pages"}],"about":[{"href":"https:\/\/prooptic.axess.fr\/index.php?rest_route=\/wp\/v2\/types\/page"}],"author":[{"embeddable":true,"href":"https:\/\/prooptic.axess.fr\/index.php?rest_route=\/wp\/v2\/users\/1"}],"replies":[{"embeddable":true,"href":"https:\/\/prooptic.axess.fr\/index.php?rest_route=%2Fwp%2Fv2%2Fcomments&post=4153"}],"version-history":[{"count":0,"href":"https:\/\/prooptic.axess.fr\/index.php?rest_route=\/wp\/v2\/pages\/4153\/revisions"}],"wp:attachment":[{"href":"https:\/\/prooptic.axess.fr\/index.php?rest_route=%2Fwp%2Fv2%2Fmedia&parent=4153"}],"curies":[{"name":"wp","href":"https:\/\/api.w.org\/{rel}","templated":true}]}}