{"id":4528,"date":"2015-04-16T14:29:56","date_gmt":"2015-04-16T13:29:56","guid":{"rendered":"http:\/\/localhost\/wordpress\/?page_id=6"},"modified":"2023-07-31T11:02:54","modified_gmt":"2023-07-31T09:02:54","slug":"creer-un-devis","status":"publish","type":"page","link":"https:\/\/prooptic.axess.fr\/?page_id=4528","title":{"rendered":"Cr\u00e9er un devis lunettes"},"content":{"rendered":"<p>Une fois les coordonn\u00e9es du client compl\u00e9t\u00e9es, et sa fiche identit\u00e9 enregistr\u00e9e, l\u2019acc\u00e8s \u00e0 l\u2019\u00e9cran concernant les visites \u00ab\u00a0Lunettes\u00a0\u00bb se fait en cliquant sur l\u2019<em><b>onglet Lunettes<\/b><\/em>\u00a0:<\/p>\n<p><img decoding=\"async\" loading=\"lazy\" src=\"http:\/\/prooptic.axess.fr\/wp-content\/uploads\/2020\/04\/1-onglet-lunettes.png\" alt=\"\" width=\"1012\" height=\"544\" \/><\/p>\n<p>Si le fichier ne contient pas encore de visite, il faut en cr\u00e9er une \u00e0 partir du\u00a0<em><b>bouton Nouvelle Ordonnance<\/b><\/em>\u00a0:<\/p>\n<p><img decoding=\"async\" loading=\"lazy\" src=\"http:\/\/prooptic.axess.fr\/wp-content\/uploads\/2020\/04\/2-Bouton-nouvelle-ordo.png\" alt=\"\" width=\"1011\" height=\"549\" \/><\/p>\n<h2>I. Saisie de la prescription<\/h2>\n<p>____________________________________________________________________________________________________________________________________________________<\/p>\n<p>La saisie commence par le\u00a0<em><b>nom de l\u2019ophtalmologue<\/b><\/em>\u00a0et la\u00a0<em><b>date de prescription<\/b><\/em>. Les m\u00e9decins saisis sont r\u00e9pertori\u00e9s dans un fichier \u00e0 part. Pour y acc\u00e9der, cliquez sur le\u00a0<em><b>bouton avec les pointill\u00e9s \u00e0 droite du champ M\u00e9decin<\/b><\/em>\u00a0:<\/p>\n<p><img decoding=\"async\" loading=\"lazy\" src=\"http:\/\/prooptic.axess.fr\/wp-content\/uploads\/2020\/04\/3-saisie-ordonnance.png\" alt=\"\" width=\"710\" height=\"745\" \/><\/p>\n<p>Il est possible \u00e0 ce niveau de compl\u00e9ter la fiche du prescripteur avec diff\u00e9rentes donn\u00e9es le concernant (num\u00e9ro d\u2019identifiant, adresse, domaine d\u2019activit\u00e9, etc.) en s\u00e9lectionnant le\u00a0<em><b>bouton Modifier<\/b><\/em>. Sinon,\u00a0<em><b>s\u00e9lectionnez la ligne correspondante au m\u00e9decin<\/b><\/em>\u00a0puis validez en cliquant sur\u00a0<em><b>Cette fiche<\/b><\/em>\u00a0:<\/p>\n<p><img decoding=\"async\" loading=\"lazy\" src=\"http:\/\/prooptic.axess.fr\/wp-content\/uploads\/2020\/04\/4-choix-medecin.png\" alt=\"\" width=\"722\" height=\"545\" \/><\/p>\n<p>Compl\u00e9tez ensuite les donn\u00e9es pour les deux yeux\u00a0: sph\u00e8re, cylindre, axe, addition, prisme. Aucun champ n\u2019est obligatoire, ne compl\u00e9tez que ce qui est n\u00e9cessaire.<\/p>\n<p><b><i>Remarque\u00a0<\/i><\/b>: la recopie de l\u2019\u0153il droit vers l\u2019\u0153il gauche est possible en cliquant sur\u00a0<img decoding=\"async\" loading=\"lazy\" src=\"data:image\/png;base64,iVBORw0KGgoAAAANSUhEUgAAABIAAAAYCAIAAAB4NzpmAAAAAXNSR0IArs4c6QAAAARnQU1BAACxjwv8YQUAAAAJcEhZcwAADsMAAA7DAcdvqGQAAAI8SURBVDhPY3hMFhgZ2h4+euzYdun+\/ftQPhJ48PBR6MRLDx48gPKRtRmUnSyddVE3fzeaTqAesexj+o1XnKt3Pnz4ECII1RY\/8Xzl\/Cupky+Gd53TztwO1wl0glj6IfGKq1J1txRa72d1roOIQ7XduXNHNWV71MTL7u0XLBsvaKRsAuoE6hFJ2s9cfIO5\/A5b3UOlyAXLli2DqEc48vbt20pxm23br2rXXZGqvKoWv14kdidDxT2GmkcMjc8VQ2bD9QABQhsQAHXKRK5TaLrNW3OHoeo+Q90ThuaXDB3vFAJnLF26FKoIDFC07TxzH6hTImQ1c\/MLhtbXDF0fGCZ8U\/CdCtRz6MI9qCIwQGiLnXwxoffslBX7b926JRq4imHSD4bpf+Q8JixZssS3+6Jqxfl1O45AlcK11S+9WjH3cvqUCx5Npycv2wPSGbJWzmMiUI9fx1m5qsuK9Tckyy\/vOnAcoh6qbd2uU4HtZ6MnXPJqP29YcXrS4l1A127atCmg7QRXyTXO8ls8dfcFEvf19PRA1CMcuXTDAdva03Ztl3XrLkkWnp20aGdQ8xGG0tsMlaCw4Yrd09zcjB7dELBk3X718nNA9whU3WIsuAYK+vqnwLDhit6FrAcIULQBwZK1e4VKL7M2PAbGFUPbG4aeT1zRO5qampD1AAG6NiBYsmYPQ\/ldht7PDJN\/ckVh0QMEWLQBweJVuxlaXnJF72xsbMTUAwTYtQHBsrV7WltbseoBApza8AN6anv8GABiGeF14DfT6QAAAABJRU5ErkJggg==\" alt=\"double-fleche-bleue\" width=\"11\" height=\"15\" \/><br \/>\nA noter qu\u2019il est \u00e9galement possible de saisir une deuxi\u00e8me prescription.<\/p>\n<p><img decoding=\"async\" loading=\"lazy\" src=\"http:\/\/prooptic.axess.fr\/wp-content\/uploads\/2020\/04\/6-prescription-remplie.png\" alt=\"\" width=\"620\" height=\"650\" \/><\/p>\n<p>Une fois la prescription correctement remplit, cliquez sur le\u00a0<em><b>bouton Suivant<\/b><\/em> et le logiciel vous propose de scanner l\u2019ordonnance ou de l&rsquo;importer depuis un fichier au format PDF :<\/p>\n<p><img decoding=\"async\" loading=\"lazy\" class=\"size-medium wp-image-4744 aligncenter\" src=\"https:\/\/prooptic.axess.fr\/wp-content\/uploads\/2023\/07\/choix-numerisation-246x300.jpg\" alt=\"\" width=\"246\" height=\"300\" srcset=\"https:\/\/prooptic.axess.fr\/wp-content\/uploads\/2023\/07\/choix-numerisation-246x300.jpg 246w, https:\/\/prooptic.axess.fr\/wp-content\/uploads\/2023\/07\/choix-numerisation.jpg 291w\" sizes=\"(max-width: 246px) 100vw, 246px\" \/><\/p>\n<p>Apr\u00e8s avoir s\u00e9lectionner votre scanner, vous pouvez num\u00e9riser votre ordonnance en cliquant sur le bouton\u00a0<strong>Scanner SCOR<\/strong>\u00a0:<\/p>\n<p><img decoding=\"async\" loading=\"lazy\" src=\"http:\/\/prooptic.axess.fr\/wp-content\/uploads\/2020\/04\/8-scanner-scor.png\" alt=\"\" width=\"560\" height=\"422\" \/><\/p>\n<h2>II. Devis 100% sant\u00e9<\/h2>\n<p>____________________________________________________________________________________________________________________________________________________<\/p>\n<p>Apr\u00e8s la\u00a0<strong>saisie de l&rsquo;ordonnance,<\/strong>\u00a0une fen\u00eatre apparait avec 3 choix :<\/p>\n<p><img decoding=\"async\" loading=\"lazy\" class=\"alignnone wp-image-4642 size-full\" src=\"https:\/\/prooptic.axess.fr\/wp-content\/uploads\/2023\/05\/Creation-devis-lunette-classe-A-complet-ou-rapide.jpg\" alt=\"\" width=\"628\" height=\"269\" srcset=\"https:\/\/prooptic.axess.fr\/wp-content\/uploads\/2023\/05\/Creation-devis-lunette-classe-A-complet-ou-rapide.jpg 628w, https:\/\/prooptic.axess.fr\/wp-content\/uploads\/2023\/05\/Creation-devis-lunette-classe-A-complet-ou-rapide-300x129.jpg 300w\" sizes=\"(max-width: 628px) 100vw, 628px\" \/><\/p>\n<p>1 &#8211; Le choix 1 permet de cr\u00e9er une offre A en choisissant les verres de classe A parmi vos verriers, ainsi qu&rsquo;une monture de classe A\u00a0 parmi votre stock.<\/p>\n<p>2 &#8211; Le choix 2 vous permet de laisser le logiciel choisir les verres de classe A correspondants \u00e0 la prescription et suivant le verrier par d\u00e9faut indiqu\u00e9 pour l&rsquo;offre 100% sant\u00e9 . La monture de classe A doit elle \u00eatre s\u00e9lectionn\u00e9e par vos soins.<\/p>\n<p>Pour que le bouton du choix 2 apparaisse, il faut avoir indiqu\u00e9 un verrier par d\u00e9faut dans le param\u00e9trage de l\u2019offre 100 % sant\u00e9 (Onglet \u00ab Client \u00bb puis \u00ab G\u00e9n\u00e9raux \u00bb puis \u00ab Offre 100% \u00bb).<\/p>\n<h3>1. Saisie compl\u00e8te d&rsquo;un dossier de classe A<\/h3>\n<p>Lorsque vous choisissez le bouton SAISIE COMPLETE D&rsquo;UN DOSSIER DE CLASSE A, le logiciel vous demande avec quel verrier vous souhaitez travailler pour cette offre A :<br \/>\n<img decoding=\"async\" loading=\"lazy\" class=\"alignnone wp-image-4644 size-full\" src=\"https:\/\/prooptic.axess.fr\/wp-content\/uploads\/2023\/05\/choix-du-verrier-offre-A.jpg\" alt=\"\" width=\"661\" height=\"144\" srcset=\"https:\/\/prooptic.axess.fr\/wp-content\/uploads\/2023\/05\/choix-du-verrier-offre-A.jpg 661w, https:\/\/prooptic.axess.fr\/wp-content\/uploads\/2023\/05\/choix-du-verrier-offre-A-300x65.jpg 300w\" sizes=\"(max-width: 661px) 100vw, 661px\" \/><\/p>\n<p>Une fen\u00eatre affichant la s\u00e9lection des verres de classe A correspondant \u00e0 la prescription et au verrier choisit s&rsquo;affiche :<img decoding=\"async\" loading=\"lazy\" class=\"alignnone wp-image-4647 size-full\" src=\"https:\/\/prooptic.axess.fr\/wp-content\/uploads\/2023\/05\/choix-verres-cl-a.jpg\" alt=\"\" width=\"1010\" height=\"572\" srcset=\"https:\/\/prooptic.axess.fr\/wp-content\/uploads\/2023\/05\/choix-verres-cl-a.jpg 1010w, https:\/\/prooptic.axess.fr\/wp-content\/uploads\/2023\/05\/choix-verres-cl-a-300x170.jpg 300w, https:\/\/prooptic.axess.fr\/wp-content\/uploads\/2023\/05\/choix-verres-cl-a-768x435.jpg 768w\" sizes=\"(max-width: 1010px) 100vw, 1010px\" \/><\/p>\n<p>Double cliquez sur la ligne du verre que vous souhaitez, il se rapatrie sur le dossier.<\/p>\n<p><img decoding=\"async\" loading=\"lazy\" class=\"alignnone wp-image-4648 size-full\" src=\"https:\/\/prooptic.axess.fr\/wp-content\/uploads\/2023\/05\/verres-cl-a-sur-dossier.jpg\" alt=\"\" width=\"1013\" height=\"790\" srcset=\"https:\/\/prooptic.axess.fr\/wp-content\/uploads\/2023\/05\/verres-cl-a-sur-dossier.jpg 1013w, https:\/\/prooptic.axess.fr\/wp-content\/uploads\/2023\/05\/verres-cl-a-sur-dossier-300x234.jpg 300w, https:\/\/prooptic.axess.fr\/wp-content\/uploads\/2023\/05\/verres-cl-a-sur-dossier-768x599.jpg 768w\" sizes=\"(max-width: 1013px) 100vw, 1013px\" \/><\/p>\n<p>Si vous ne souhaitez pas un verre de classe A de ce verrier, il suffit de choisir un autre fournisseur et de relancer la recherche avec la loupe<\/p>\n<p><img decoding=\"async\" loading=\"lazy\" src=\"http:\/\/prooptic.axess.fr\/wp-content\/uploads\/2020\/04\/12-choisir-un-autre-verrier.png\" alt=\"\" width=\"675\" height=\"218\" \/><\/p>\n<p>Une fois les verres choisis, vous pouvez aller s\u00e9lectionner une monture de classe A dans votre stock en passant par les <img decoding=\"async\" loading=\"lazy\" class=\"alignnone size-full wp-image-4650\" src=\"https:\/\/prooptic.axess.fr\/wp-content\/uploads\/2023\/05\/3-petits-points.jpg\" alt=\"\" width=\"28\" height=\"26\" \/>,ou en tapant la r\u00e9f\u00e9rence ou le code de la monture.<br \/>\n<img decoding=\"async\" loading=\"lazy\" class=\"alignnone wp-image-4649 size-full\" src=\"https:\/\/prooptic.axess.fr\/wp-content\/uploads\/2023\/05\/choix-monture-cl-a.jpg\" alt=\"\" width=\"1003\" height=\"59\" srcset=\"https:\/\/prooptic.axess.fr\/wp-content\/uploads\/2023\/05\/choix-monture-cl-a.jpg 1003w, https:\/\/prooptic.axess.fr\/wp-content\/uploads\/2023\/05\/choix-monture-cl-a-300x18.jpg 300w, https:\/\/prooptic.axess.fr\/wp-content\/uploads\/2023\/05\/choix-monture-cl-a-768x45.jpg 768w\" sizes=\"(max-width: 1003px) 100vw, 1003px\" \/><\/p>\n<p><img decoding=\"async\" loading=\"lazy\" class=\"alignnone wp-image-4651 size-full\" src=\"https:\/\/prooptic.axess.fr\/wp-content\/uploads\/2023\/05\/rapatrier-monture-cl-a.jpg\" alt=\"\" width=\"1003\" height=\"369\" srcset=\"https:\/\/prooptic.axess.fr\/wp-content\/uploads\/2023\/05\/rapatrier-monture-cl-a.jpg 1003w, https:\/\/prooptic.axess.fr\/wp-content\/uploads\/2023\/05\/rapatrier-monture-cl-a-300x110.jpg 300w, https:\/\/prooptic.axess.fr\/wp-content\/uploads\/2023\/05\/rapatrier-monture-cl-a-768x283.jpg 768w\" sizes=\"(max-width: 1003px) 100vw, 1003px\" \/><\/p>\n<p><img decoding=\"async\" loading=\"lazy\" class=\"alignnone wp-image-4652 size-full\" src=\"https:\/\/prooptic.axess.fr\/wp-content\/uploads\/2023\/05\/monture-cl-a-chosie.jpg\" alt=\"\" width=\"999\" height=\"58\" srcset=\"https:\/\/prooptic.axess.fr\/wp-content\/uploads\/2023\/05\/monture-cl-a-chosie.jpg 999w, https:\/\/prooptic.axess.fr\/wp-content\/uploads\/2023\/05\/monture-cl-a-chosie-300x17.jpg 300w, https:\/\/prooptic.axess.fr\/wp-content\/uploads\/2023\/05\/monture-cl-a-chosie-768x45.jpg 768w\" sizes=\"(max-width: 999px) 100vw, 999px\" \/><\/p>\n<p>Pour r\u00e9capituler, l&rsquo;\u00e9cran de saisie d&rsquo;un \u00e9quipement de classe A comprend :<br \/>\n<img decoding=\"async\" loading=\"lazy\" class=\"alignnone wp-image-4653 size-full\" src=\"https:\/\/prooptic.axess.fr\/wp-content\/uploads\/2023\/05\/Details-du-dossier-cl-A.jpg\" alt=\"\" width=\"1016\" height=\"748\" srcset=\"https:\/\/prooptic.axess.fr\/wp-content\/uploads\/2023\/05\/Details-du-dossier-cl-A.jpg 1016w, https:\/\/prooptic.axess.fr\/wp-content\/uploads\/2023\/05\/Details-du-dossier-cl-A-300x221.jpg 300w, https:\/\/prooptic.axess.fr\/wp-content\/uploads\/2023\/05\/Details-du-dossier-cl-A-768x565.jpg 768w\" sizes=\"(max-width: 1016px) 100vw, 1016px\" \/><\/p>\n<ul>\n<li>1 &#8211; L&rsquo;identit\u00e9 du patient.<\/li>\n<li>2 &#8211; Le r\u00e9sum\u00e9 de l\u2019ordonnance saisie auparavant.<\/li>\n<li>3 &#8211; Le vendeur qui a saisit le dossier, le montant total de l&rsquo;\u00e9quipement et le rappel que nous sommes en train de saisir une offre 100% sant\u00e9.<\/li>\n<li>4 &#8211; Les onglets utiles au dossier (\u00ab\u00a0Divers\u00a0\u00bb pour ajouter un \u00e9tui par exemple, ou encore\u00a0\u00bb S\u00e9curit\u00e9 Sociale \/ Mutuelles\u00a0\u00bb pour indiquer les remboursements.<\/li>\n<li>5 &#8211; Ce bloc permet de pr\u00e9ciser si n\u00e9cessaire d\u2019autres mesures tel que la hauteur, l\u2019acuit\u00e9 etc,\u2026 et de modifier la prescription si elle est adaptable.<\/li>\n<li>6 &#8211; La monture de classe A choisie.<\/li>\n<li>7 &#8211;\u00a0 Les verres de classe A s\u00e9lectionn\u00e9s.<\/li>\n<\/ul>\n<p>Une fois vos verres et monture de classe A rapatri\u00e9s sur la fiche, vous pouvez enregistrer votre dossier avec le bouton Enregistrer en bas.<\/p>\n<p>Une fois le dossier de classe A termin\u00e9, une nouvelle fen\u00eatre apparait proposant de cr\u00e9er un \u00e9quipement de classe B :<\/p>\n<p><img decoding=\"async\" loading=\"lazy\" src=\"http:\/\/prooptic.axess.fr\/wp-content\/uploads\/2020\/04\/15-saisir-cl-B.png\" alt=\"\" width=\"650\" height=\"318\" \/><\/p>\n<p>La cr\u00e9ation d\u2019un dossier de classe B vous est expliqu\u00e9e ci- dessous en III. (Saisie d&rsquo;un \u00e9quipement de classe B).<\/p>\n<h3>2. Saisie rapide d&rsquo;un dossier de classe A<\/h3>\n<p>La saisie rapide du dossier de classe A vous permet seulement de rapatrier automatiquement des verres de classe A (sans \u00e0 avoir \u00e0 le choisir).\u00a0 La saisie rapide sert donc quand votre client ne veux pas de verres de classe A.<\/p>\n<p>Lorsque vous aurez terminer de cr\u00e9er un dossier de classe A, celui-ci apparait avec la case coch\u00e9e 100 % sur la partie gauche (ce dossier de classe A reste modifiable).<img decoding=\"async\" loading=\"lazy\" src=\"http:\/\/prooptic.axess.fr\/wp-content\/uploads\/2020\/04\/17-cl-A-ok-ensuite-cl-B.png\" alt=\"\" width=\"1008\" height=\"725\" \/><\/p>\n<h2>III. Saisie d&rsquo;un \u00e9quipement de classe B<\/h2>\n<p>____________________________________________________________________________________________________________________________________________________<\/p>\n<p>Le d\u00e9roul\u00e9 pour la saisie d&rsquo;un \u00e9quipement B, est le m\u00eame que celui de la classe A mais bien sur en choisissant cette fois une monture et des verres de classe B.<\/p>\n<p><strong>2 diff\u00e9rences par rapport au dossier de classe A :\u00a0<\/strong><br \/>\n&#8211; Vous pouvez choisir des montures avec un tarif sup\u00e9rieur \u00e0 30\u20ac (ainsi que modifier manuellement le tarif de la monture choisie).<br \/>\n&#8211; La liste de choix de verres est beaucoup plus importante (les verres disponibles correspondant \u00e0 la prescription ne se mettent donc pas directement \u00e0 l&rsquo;\u00e9cran)<\/p>\n<h3>1. Choix des verres en classe B<\/h3>\n<ul>\n<li style=\"list-style-type: none;\">\n<ul>\n<li><strong>Pour choisir un verre<\/strong>, s\u00e9lectionnez dans un premier temps le fournisseur, la mati\u00e8re, \u2026 Cliquez ensuite sur le bouton en pointill\u00e9s pour finaliser la recherche et afficher la liste des verres.<\/li>\n<\/ul>\n<ul>\n<li><img decoding=\"async\" loading=\"lazy\" src=\"http:\/\/prooptic.axess.fr\/wp-content\/uploads\/2020\/04\/21-choisir-un-verre.png\" alt=\"\" width=\"562\" height=\"422\" \/><\/li>\n<\/ul>\n<ul>\n<li>Plus la recherche sera affin\u00e9e, moins la liste de verre sera longue mais vous pouvez cliquer sur continuer \u00e0 n\u2019importe quel moment de la recherche pour afficher la liste de verre correspondants \u00e0 la prescription.<img decoding=\"async\" loading=\"lazy\" src=\"http:\/\/prooptic.axess.fr\/wp-content\/uploads\/2020\/04\/22-recheche-affinee-verre.png\" alt=\"\" width=\"768\" height=\"529\" \/><\/li>\n<\/ul>\n<ul>\n<li>Double cliquez ensuite sur la ligne correspondante au verre d\u00e9sir\u00e9,<img decoding=\"async\" loading=\"lazy\" src=\"http:\/\/prooptic.axess.fr\/wp-content\/uploads\/2020\/04\/23-choix-ligne-verre.png\" alt=\"\" width=\"768\" height=\"577\" \/><\/li>\n<\/ul>\n<ul>\n<li>D\u00e8s lors que le verre est rapatri\u00e9 sur la fiche, il est possible d\u2019ajouter un ou plusieurs suppl\u00e9ment(s) en cliquant le bouton \u00ab\u00a0+\u00a0\u00bb\u00a0: (voir onglet \u00ab\u00a0suppl\u00e9ments\u00a0\u00bb de l\u2019aide).<\/li>\n<\/ul>\n<\/li>\n<li style=\"list-style-type: none;\"><img decoding=\"async\" loading=\"lazy\" src=\"http:\/\/prooptic.axess.fr\/wp-content\/uploads\/2020\/04\/24-supplements-1.png\" alt=\"\" width=\"775\" height=\"124\" \/><\/li>\n<\/ul>\n<ul>\n<li>Pour faciliter et acc\u00e9l\u00e9rer le processus de s\u00e9lection du verre et des suppl\u00e9ments, il est recommand\u00e9 de cliquer sur la fl\u00e8che bleue\u00a0<img decoding=\"async\" loading=\"lazy\" style=\"font-size: 12pt;\" src=\"http:\/\/prooptic.axess.fr\/wp-content\/uploads\/2020\/04\/25-fleche-bleue.png\" alt=\"\" width=\"23\" height=\"24\" \/>pour permettre de recopier le verre droit vers le verre gauche (et vice-versa).\u00a0Valider la fiche en cliquant sur\u00a0<strong style=\"font-size: 12pt;\"><em>Terminer<\/em><\/strong>.<\/li>\n<\/ul>\n<ul>\n<li style=\"list-style-type: none;\">\n<ul>\n<li>En classe B, la logique voudrait que vous s\u00e9lectionniez uniquement des verres de <strong>classe B (bleu).\u00a0<\/strong>Mais il est tout de m\u00eame possible de s\u00e9lectionner un\u00a0<strong>verre de classe A (vert)<\/strong>\u00a0ou de\u00a0<strong>classe B (bleu)<\/strong>.\u00a0Sachant qu\u2019un verre de classe A \u00e0 toujours son \u00e9quivalent en B dans un catalogue verrier. De la m\u00eame fa\u00e7on, une monture de classe A peut \u00eatre s\u00e9lectionn\u00e9e en \u00e9quipement classe B :<img decoding=\"async\" loading=\"lazy\" src=\"http:\/\/prooptic.axess.fr\/wp-content\/uploads\/2020\/04\/26-cl-B-verres-A-ET-B.png\" alt=\"\" width=\"943\" height=\"712\" \/>Lorsque vous aurez termin\u00e9 vos dossiers de classe A et B, ceux-ci apparaissent sur la partie gauche\u00a0:\n<ul>\n<li>Le dossier de classe A est indiqu\u00e9 en 1<sup>\u00e8re<\/sup> paire et avec la case coch\u00e9e 100 %<\/li>\n<li>Le dossier de classe B est indiqu\u00e9 en 1<sup>\u00e8re<\/sup> paire en dessous<img decoding=\"async\" loading=\"lazy\" src=\"http:\/\/prooptic.axess.fr\/wp-content\/uploads\/2020\/04\/27-cla-a-cla-b.png\" alt=\"\" width=\"579\" height=\"408\" \/><\/li>\n<\/ul>\n<\/li>\n<\/ul>\n<\/li>\n<\/ul>\n<h3>2. Cas d&rsquo;une adaptation<\/h3>\n<p>Si l&rsquo;origine prescription au niveau de l&rsquo;ordonnance est not\u00e9e\u00a0<strong>Renouvellement avec adaptation<\/strong>\u00a0alors :<\/p>\n<p>&#8211; pour un dossier\u00a0<em>Classe A<\/em>\u00a0: l&rsquo;adaptation est\u00a0<strong>automatiquement<\/strong>\u00a0ajout\u00e9e au dossier<\/p>\n<p>&#8211; pour un dossier\u00a0<em>Classe B<\/em>\u00a0: celle-ci est facultative et un\u00a0<strong>bouton est disponible<\/strong>\u00a0\u00e0 ce niveau :<img decoding=\"async\" loading=\"lazy\" src=\"http:\/\/prooptic.axess.fr\/wp-content\/uploads\/2020\/04\/28-adaptation.png\" alt=\"\" width=\"943\" height=\"710\" \/><\/p>\n<h3>3. Cas de l&rsquo;appairage<\/h3>\n<p>Dans le cas o\u00f9 une paire de lunette \u00e0 2 types de verres diff\u00e9rents (indice de r\u00e9fraction diff\u00e9rent ou type de verres diff\u00e9rents), une prestation d\u2019appairage des verres pourra \u00eatre n\u00e9cessaire dans un but esth\u00e9tique et d\u2019\u00e9quilibrage de la monture.<\/p>\n<p>Cette prestation d\u2019appairage si besoin il y a, se cr\u00e9er automatiquement en classe A comme en classe B.<\/p>\n<p><img decoding=\"async\" loading=\"lazy\" src=\"http:\/\/prooptic.axess.fr\/wp-content\/uploads\/2020\/04\/29-appairage.png\" alt=\"\" width=\"899\" height=\"664\" \/><\/p>\n<p>Il existe 3 niveaux d\u2019appairage, avec un prix limite de vente.\u00a0Lorsqu\u2019un \u00e9quipement 100% sant\u00e9 est choisie, cette prestation sera int\u00e9gralement prise en charge.<\/p>\n<h2>IV. Cr\u00e9ation d&rsquo;un devis suppl\u00e9mentaire pour une m\u00eame visite<\/h2>\n<p>____________________________________________________________________________________________________________________________________________________<\/p>\n<p style=\"text-align: justify;\">Il est possible d&rsquo;<strong><em>ajouter un devis<\/em><\/strong> pour un m\u00eame passage (cela peut s&rsquo;av\u00e9rer utile pour pr\u00e9senter un devis comparatif). Pour cela, il suffit de cliquer sur <strong><em>Ajouter un \u00e9quipement<\/em><\/strong>\u00a0:<\/p>\n<p><center><img decoding=\"async\" loading=\"lazy\" src=\"http:\/\/prooptic.axess.fr\/wp-content\/uploads\/2018\/05\/ajout-equipement-1030x778.png\" alt=\"\" width=\"734\" height=\"554\" \/><\/center><\/p>\n<p style=\"text-align: justify;\">Une nouvelle fen\u00eatre va alors s&rsquo;afficher permettant de rentrer les informations n\u00e9cessaires pour une proposition suppl\u00e9mentaire (montures, verres, suppl\u00e9ments).<\/p>\n<p style=\"text-align: justify;\">Une fois le formulaire valid\u00e9, un devis suppl\u00e9mentaire est alors cr\u00e9\u00e9 et vient se greffer en- dessous du pr\u00e9c\u00e9dent :<\/p>\n<p><center><img decoding=\"async\" loading=\"lazy\" src=\"http:\/\/prooptic.axess.fr\/wp-content\/uploads\/2018\/05\/fleche-roug-deuxieme-equipement-1030x778.png\" alt=\"\" width=\"734\" height=\"554\" \/><\/center><\/p>\n<h2>V. Informations compl\u00e9mentaires<\/h2>\n<p>____________________________________________________________________________________________________________________________________________________<\/p>\n<p>Il y a la possibilit\u00e9 de rajouter des commentaires concernant le devis en s\u00e9lectionnant l&rsquo;<strong><em>onglet Commentaires<\/em><\/strong>\u00a0:<\/p>\n<p><center><img decoding=\"async\" loading=\"lazy\" src=\"http:\/\/www.prooptic-idm.com\/wiki\/wp-content\/uploads\/sites\/3\/2015\/04\/com-devis.png\" alt=\"com-devis\" width=\"631\" height=\"528\" \/><\/center><br \/>\nDes documents peuvent \u00eatre \u00e9galement ajout\u00e9s \u00e0 la visite en s\u00e9lectionnant l&rsquo;<strong><em>onglet Documents<\/em><\/strong> puis en cliquant sur le <strong><em>bouton Ajouter<\/em><\/strong>. Une fen\u00eatre s&rsquo;ouvre permettant alors de s\u00e9lectionner le type de document \u00e0 ajouter\u00a0:<\/p>\n<p><center><img decoding=\"async\" loading=\"lazy\" src=\"http:\/\/www.prooptic-idm.com\/wiki\/wp-content\/uploads\/sites\/3\/2015\/04\/type-doc-devis.png\" alt=\"type-doc-devis\" width=\"400\" height=\"423\" \/><\/center><\/p>\n","protected":false},"excerpt":{"rendered":"<p>Une fois les coordonn\u00e9es du client compl\u00e9t\u00e9es, et sa fiche identit\u00e9 enregistr\u00e9e, l\u2019acc\u00e8s \u00e0 l\u2019\u00e9cran concernant les visites \u00ab\u00a0Lunettes\u00a0\u00bb se fait en cliquant sur l\u2019onglet Lunettes\u00a0: Si le fichier ne contient pas encore de visite, il faut en cr\u00e9er une \u00e0 partir du\u00a0bouton Nouvelle Ordonnance\u00a0: I. Saisie de la prescription ____________________________________________________________________________________________________________________________________________________ La saisie commence par &hellip; <a href=\"https:\/\/prooptic.axess.fr\/?page_id=4528\" class=\"more-link\">Continuer la lecture de <span class=\"screen-reader-text\">Cr\u00e9er un devis lunettes<\/span><\/a><\/p>\n","protected":false},"author":1,"featured_media":0,"parent":4529,"menu_order":0,"comment_status":"closed","ping_status":"open","template":"","meta":[],"_links":{"self":[{"href":"https:\/\/prooptic.axess.fr\/index.php?rest_route=\/wp\/v2\/pages\/4528"}],"collection":[{"href":"https:\/\/prooptic.axess.fr\/index.php?rest_route=\/wp\/v2\/pages"}],"about":[{"href":"https:\/\/prooptic.axess.fr\/index.php?rest_route=\/wp\/v2\/types\/page"}],"author":[{"embeddable":true,"href":"https:\/\/prooptic.axess.fr\/index.php?rest_route=\/wp\/v2\/users\/1"}],"replies":[{"embeddable":true,"href":"https:\/\/prooptic.axess.fr\/index.php?rest_route=%2Fwp%2Fv2%2Fcomments&post=4528"}],"version-history":[{"count":11,"href":"https:\/\/prooptic.axess.fr\/index.php?rest_route=\/wp\/v2\/pages\/4528\/revisions"}],"predecessor-version":[{"id":4746,"href":"https:\/\/prooptic.axess.fr\/index.php?rest_route=\/wp\/v2\/pages\/4528\/revisions\/4746"}],"up":[{"embeddable":true,"href":"https:\/\/prooptic.axess.fr\/index.php?rest_route=\/wp\/v2\/pages\/4529"}],"wp:attachment":[{"href":"https:\/\/prooptic.axess.fr\/index.php?rest_route=%2Fwp%2Fv2%2Fmedia&parent=4528"}],"curies":[{"name":"wp","href":"https:\/\/api.w.org\/{rel}","templated":true}]}}